{"id":4399,"date":"2024-01-10T14:19:53","date_gmt":"2024-01-10T13:19:53","guid":{"rendered":"https:\/\/larucheindustrielle.fr\/fr\/?post_type=evenement&#038;p=4399"},"modified":"2024-05-02T14:37:19","modified_gmt":"2024-05-02T12:37:19","slug":"afterwork-kolinkis-gerer-les-conflits","status":"publish","type":"evenement","link":"https:\/\/larucheindustrielle.fr\/fr\/evenement\/afterwork-kolinkis-gerer-les-conflits\/","title":{"rendered":"Afterwork : G\u00e9rer les conflits"},"content":{"rendered":"<p><img loading=\"lazy\" decoding=\"async\" class=\"alignnone size-medium wp-image-1637\" src=\"https:\/\/larucheindustrielle.fr\/wp-content\/uploads\/2023\/04\/Ateliers-KOLINKIS-miniature-1-300x221.jpg\" alt=\"\" width=\"300\" height=\"221\" \/><\/p>\n<p><strong>La gestion de conflits<\/strong><\/p>\n<p>Pour g\u00e9rer un conflit, il faut sortir du combat du \u00ab J\u2019ai raison \u00bb et am\u00e9liorer l\u2019\u00e9coute en alternant gestion des \u00e9motions, \u00e9coute et argumentation. C\u2019est ce que nous explorerons ensemble gr\u00e2ce \u00e0 l\u2019outil du th\u00e9\u00e2tre d\u2019improvisation.<\/p>\n<p><strong>Tarifs :<\/strong><\/p>\n<ul>\n<li style=\"list-style-type: none;\">\n<ul>\n<li>Sans frais pour les salari\u00e9s des entreprises membres de la Ruche industrielle.<\/li>\n<li>5\u20ac, si vous \u00eates un particulier ou salari\u00e9 d\u2019une entreprise non adh\u00e9rente.<\/li>\n<\/ul>\n<\/li>\n<\/ul>\n<p><em>Veillez \u00e0 venir en tenue confortable et <strong>chaussures plates et ferm\u00e9es.<\/strong><\/em><\/p>\n","protected":false},"excerpt":{"rendered":"<p>La gestion de conflits Pour g\u00e9rer un conflit, il faut sortir du combat du \u00ab J\u2019ai raison \u00bb et am\u00e9liorer l\u2019\u00e9coute en alternant gestion des \u00e9motions, \u00e9coute et argumentation. C\u2019est ce que nous explorerons ensemble gr\u00e2ce \u00e0 l\u2019outil du th\u00e9\u00e2tre d\u2019improvisation. Tarifs : Sans frais pour les salari\u00e9s des entreprises membres de la Ruche industrielle. [&hellip;]<\/p>\n","protected":false},"featured_media":5509,"template":"","meta":{"_acf_changed":false,"_et_pb_use_builder":"","_et_pb_old_content":"","_et_gb_content_width":""},"categories":[13],"tags":[],"class_list":["post-4399","evenement","type-evenement","status-publish","has-post-thumbnail","hentry","category-passe"],"acf":[],"yoast_head":"<!-- This site is optimized with the Yoast SEO plugin v27.4 - https:\/\/yoast.com\/product\/yoast-seo-wordpress\/ -->\n<title>Afterwork : G\u00e9rer les conflits - La Ruche industrielle<\/title>\n<meta name=\"robots\" content=\"index, follow, max-snippet:-1, max-image-preview:large, max-video-preview:-1\" \/>\n<link rel=\"canonical\" href=\"https:\/\/larucheindustrielle.fr\/fr\/evenement\/afterwork-kolinkis-gerer-les-conflits\/\" \/>\n<meta property=\"og:locale\" content=\"fr_FR\" \/>\n<meta property=\"og:type\" content=\"article\" \/>\n<meta property=\"og:title\" content=\"Afterwork : G\u00e9rer les conflits - La Ruche industrielle\" \/>\n<meta property=\"og:description\" content=\"La gestion de conflits Pour g\u00e9rer un conflit, il faut sortir du combat du \u00ab J\u2019ai raison \u00bb et am\u00e9liorer l\u2019\u00e9coute en alternant gestion des \u00e9motions, \u00e9coute et argumentation. C\u2019est ce que nous explorerons ensemble gr\u00e2ce \u00e0 l\u2019outil du th\u00e9\u00e2tre d\u2019improvisation. Tarifs : Sans frais pour les salari\u00e9s des entreprises membres de la Ruche industrielle. [&hellip;]\" \/>\n<meta property=\"og:url\" content=\"https:\/\/larucheindustrielle.fr\/fr\/evenement\/afterwork-kolinkis-gerer-les-conflits\/\" \/>\n<meta property=\"og:site_name\" content=\"La Ruche industrielle\" \/>\n<meta property=\"article:modified_time\" content=\"2024-05-02T12:37:19+00:00\" \/>\n<meta property=\"og:image\" content=\"https:\/\/larucheindustrielle.fr\/wp-content\/uploads\/2024\/01\/2024-kolinkis.jpg\" \/>\n\t<meta property=\"og:image:width\" content=\"1024\" \/>\n\t<meta property=\"og:image:height\" content=\"498\" \/>\n\t<meta property=\"og:image:type\" content=\"image\/jpeg\" \/>\n<meta name=\"twitter:card\" content=\"summary_large_image\" \/>\n<meta name=\"twitter:site\" content=\"@LaRucheIndus\" \/>\n<meta name=\"twitter:label1\" content=\"Dur\u00e9e de lecture estim\u00e9e\" \/>\n\t<meta name=\"twitter:data1\" content=\"1 minute\" \/>\n<script type=\"application\/ld+json\" class=\"yoast-schema-graph\">{\"@context\":\"https:\\\/\\\/schema.org\",\"@graph\":[{\"@type\":\"WebPage\",\"@id\":\"https:\\\/\\\/larucheindustrielle.fr\\\/fr\\\/evenement\\\/afterwork-kolinkis-gerer-les-conflits\\\/\",\"url\":\"https:\\\/\\\/larucheindustrielle.fr\\\/fr\\\/evenement\\\/afterwork-kolinkis-gerer-les-conflits\\\/\",\"name\":\"Afterwork : G\u00e9rer les conflits - La Ruche industrielle\",\"isPartOf\":{\"@id\":\"https:\\\/\\\/larucheindustrielle.fr\\\/fr\\\/#website\"},\"primaryImageOfPage\":{\"@id\":\"https:\\\/\\\/larucheindustrielle.fr\\\/fr\\\/evenement\\\/afterwork-kolinkis-gerer-les-conflits\\\/#primaryimage\"},\"image\":{\"@id\":\"https:\\\/\\\/larucheindustrielle.fr\\\/fr\\\/evenement\\\/afterwork-kolinkis-gerer-les-conflits\\\/#primaryimage\"},\"thumbnailUrl\":\"https:\\\/\\\/larucheindustrielle.fr\\\/wp-content\\\/uploads\\\/2024\\\/01\\\/2024-kolinkis.jpg\",\"datePublished\":\"2024-01-10T13:19:53+00:00\",\"dateModified\":\"2024-05-02T12:37:19+00:00\",\"inLanguage\":\"fr-FR\",\"potentialAction\":[{\"@type\":\"ReadAction\",\"target\":[\"https:\\\/\\\/larucheindustrielle.fr\\\/fr\\\/evenement\\\/afterwork-kolinkis-gerer-les-conflits\\\/\"]}]},{\"@type\":\"ImageObject\",\"inLanguage\":\"fr-FR\",\"@id\":\"https:\\\/\\\/larucheindustrielle.fr\\\/fr\\\/evenement\\\/afterwork-kolinkis-gerer-les-conflits\\\/#primaryimage\",\"url\":\"https:\\\/\\\/larucheindustrielle.fr\\\/wp-content\\\/uploads\\\/2024\\\/01\\\/2024-kolinkis.jpg\",\"contentUrl\":\"https:\\\/\\\/larucheindustrielle.fr\\\/wp-content\\\/uploads\\\/2024\\\/01\\\/2024-kolinkis.jpg\",\"width\":1024,\"height\":498},{\"@type\":\"WebSite\",\"@id\":\"https:\\\/\\\/larucheindustrielle.fr\\\/fr\\\/#website\",\"url\":\"https:\\\/\\\/larucheindustrielle.fr\\\/fr\\\/\",\"name\":\"La Ruche industrielle\",\"description\":\"Ici, on construit ensemble l&#039;industrie du futur !\",\"publisher\":{\"@id\":\"https:\\\/\\\/larucheindustrielle.fr\\\/fr\\\/#organization\"},\"potentialAction\":[{\"@type\":\"SearchAction\",\"target\":{\"@type\":\"EntryPoint\",\"urlTemplate\":\"https:\\\/\\\/larucheindustrielle.fr\\\/fr\\\/?s={search_term_string}\"},\"query-input\":{\"@type\":\"PropertyValueSpecification\",\"valueRequired\":true,\"valueName\":\"search_term_string\"}}],\"inLanguage\":\"fr-FR\"},{\"@type\":\"Organization\",\"@id\":\"https:\\\/\\\/larucheindustrielle.fr\\\/fr\\\/#organization\",\"name\":\"La Ruche industrielle\",\"url\":\"https:\\\/\\\/larucheindustrielle.fr\\\/fr\\\/\",\"logo\":{\"@type\":\"ImageObject\",\"inLanguage\":\"fr-FR\",\"@id\":\"https:\\\/\\\/larucheindustrielle.fr\\\/fr\\\/#\\\/schema\\\/logo\\\/image\\\/\",\"url\":\"https:\\\/\\\/larucheindustrielle.fr\\\/wp-content\\\/uploads\\\/2023\\\/06\\\/Home-page-Logo-la-ruche-en-bois.jpg\",\"contentUrl\":\"https:\\\/\\\/larucheindustrielle.fr\\\/wp-content\\\/uploads\\\/2023\\\/06\\\/Home-page-Logo-la-ruche-en-bois.jpg\",\"width\":1280,\"height\":853,\"caption\":\"La Ruche industrielle\"},\"image\":{\"@id\":\"https:\\\/\\\/larucheindustrielle.fr\\\/fr\\\/#\\\/schema\\\/logo\\\/image\\\/\"},\"sameAs\":[\"https:\\\/\\\/x.com\\\/LaRucheIndus\",\"https:\\\/\\\/fr.linkedin.com\\\/company\\\/la-ruche-industrielle\",\"https:\\\/\\\/www.youtube.com\\\/@larucheindustrielle932\",\"https:\\\/\\\/www.instagram.com\\\/larucheindustrielle\\\/\"]}]}<\/script>\n<!-- \/ Yoast SEO plugin. -->","yoast_head_json":{"title":"Afterwork : G\u00e9rer les conflits - La Ruche industrielle","robots":{"index":"index","follow":"follow","max-snippet":"max-snippet:-1","max-image-preview":"max-image-preview:large","max-video-preview":"max-video-preview:-1"},"canonical":"https:\/\/larucheindustrielle.fr\/fr\/evenement\/afterwork-kolinkis-gerer-les-conflits\/","og_locale":"fr_FR","og_type":"article","og_title":"Afterwork : G\u00e9rer les conflits - La Ruche industrielle","og_description":"La gestion de conflits Pour g\u00e9rer un conflit, il faut sortir du combat du \u00ab J\u2019ai raison \u00bb et am\u00e9liorer l\u2019\u00e9coute en alternant gestion des \u00e9motions, \u00e9coute et argumentation. C\u2019est ce que nous explorerons ensemble gr\u00e2ce \u00e0 l\u2019outil du th\u00e9\u00e2tre d\u2019improvisation. Tarifs : Sans frais pour les salari\u00e9s des entreprises membres de la Ruche industrielle. [&hellip;]","og_url":"https:\/\/larucheindustrielle.fr\/fr\/evenement\/afterwork-kolinkis-gerer-les-conflits\/","og_site_name":"La Ruche industrielle","article_modified_time":"2024-05-02T12:37:19+00:00","og_image":[{"width":1024,"height":498,"url":"https:\/\/larucheindustrielle.fr\/wp-content\/uploads\/2024\/01\/2024-kolinkis.jpg","type":"image\/jpeg"}],"twitter_card":"summary_large_image","twitter_site":"@LaRucheIndus","twitter_misc":{"Dur\u00e9e de lecture estim\u00e9e":"1 minute"},"schema":{"@context":"https:\/\/schema.org","@graph":[{"@type":"WebPage","@id":"https:\/\/larucheindustrielle.fr\/fr\/evenement\/afterwork-kolinkis-gerer-les-conflits\/","url":"https:\/\/larucheindustrielle.fr\/fr\/evenement\/afterwork-kolinkis-gerer-les-conflits\/","name":"Afterwork : G\u00e9rer les conflits - La Ruche industrielle","isPartOf":{"@id":"https:\/\/larucheindustrielle.fr\/fr\/#website"},"primaryImageOfPage":{"@id":"https:\/\/larucheindustrielle.fr\/fr\/evenement\/afterwork-kolinkis-gerer-les-conflits\/#primaryimage"},"image":{"@id":"https:\/\/larucheindustrielle.fr\/fr\/evenement\/afterwork-kolinkis-gerer-les-conflits\/#primaryimage"},"thumbnailUrl":"https:\/\/larucheindustrielle.fr\/wp-content\/uploads\/2024\/01\/2024-kolinkis.jpg","datePublished":"2024-01-10T13:19:53+00:00","dateModified":"2024-05-02T12:37:19+00:00","inLanguage":"fr-FR","potentialAction":[{"@type":"ReadAction","target":["https:\/\/larucheindustrielle.fr\/fr\/evenement\/afterwork-kolinkis-gerer-les-conflits\/"]}]},{"@type":"ImageObject","inLanguage":"fr-FR","@id":"https:\/\/larucheindustrielle.fr\/fr\/evenement\/afterwork-kolinkis-gerer-les-conflits\/#primaryimage","url":"https:\/\/larucheindustrielle.fr\/wp-content\/uploads\/2024\/01\/2024-kolinkis.jpg","contentUrl":"https:\/\/larucheindustrielle.fr\/wp-content\/uploads\/2024\/01\/2024-kolinkis.jpg","width":1024,"height":498},{"@type":"WebSite","@id":"https:\/\/larucheindustrielle.fr\/fr\/#website","url":"https:\/\/larucheindustrielle.fr\/fr\/","name":"La Ruche industrielle","description":"Ici, on construit ensemble l&#039;industrie du futur !","publisher":{"@id":"https:\/\/larucheindustrielle.fr\/fr\/#organization"},"potentialAction":[{"@type":"SearchAction","target":{"@type":"EntryPoint","urlTemplate":"https:\/\/larucheindustrielle.fr\/fr\/?s={search_term_string}"},"query-input":{"@type":"PropertyValueSpecification","valueRequired":true,"valueName":"search_term_string"}}],"inLanguage":"fr-FR"},{"@type":"Organization","@id":"https:\/\/larucheindustrielle.fr\/fr\/#organization","name":"La Ruche industrielle","url":"https:\/\/larucheindustrielle.fr\/fr\/","logo":{"@type":"ImageObject","inLanguage":"fr-FR","@id":"https:\/\/larucheindustrielle.fr\/fr\/#\/schema\/logo\/image\/","url":"https:\/\/larucheindustrielle.fr\/wp-content\/uploads\/2023\/06\/Home-page-Logo-la-ruche-en-bois.jpg","contentUrl":"https:\/\/larucheindustrielle.fr\/wp-content\/uploads\/2023\/06\/Home-page-Logo-la-ruche-en-bois.jpg","width":1280,"height":853,"caption":"La Ruche industrielle"},"image":{"@id":"https:\/\/larucheindustrielle.fr\/fr\/#\/schema\/logo\/image\/"},"sameAs":["https:\/\/x.com\/LaRucheIndus","https:\/\/fr.linkedin.com\/company\/la-ruche-industrielle","https:\/\/www.youtube.com\/@larucheindustrielle932","https:\/\/www.instagram.com\/larucheindustrielle\/"]}]}},"publishpress_future_action":{"enabled":false,"date":"2026-05-04 13:59:26","action":"category","newStatus":"draft","terms":[13],"taxonomy":"category","extraData":[]},"publishpress_future_workflow_manual_trigger":{"enabledWorkflows":[]},"_links":{"self":[{"href":"https:\/\/larucheindustrielle.fr\/fr\/wp-json\/wp\/v2\/evenement\/4399","targetHints":{"allow":["GET"]}}],"collection":[{"href":"https:\/\/larucheindustrielle.fr\/fr\/wp-json\/wp\/v2\/evenement"}],"about":[{"href":"https:\/\/larucheindustrielle.fr\/fr\/wp-json\/wp\/v2\/types\/evenement"}],"wp:featuredmedia":[{"embeddable":true,"href":"https:\/\/larucheindustrielle.fr\/fr\/wp-json\/wp\/v2\/media\/5509"}],"wp:attachment":[{"href":"https:\/\/larucheindustrielle.fr\/fr\/wp-json\/wp\/v2\/media?parent=4399"}],"wp:term":[{"taxonomy":"category","embeddable":true,"href":"https:\/\/larucheindustrielle.fr\/fr\/wp-json\/wp\/v2\/categories?post=4399"},{"taxonomy":"post_tag","embeddable":true,"href":"https:\/\/larucheindustrielle.fr\/fr\/wp-json\/wp\/v2\/tags?post=4399"}],"curies":[{"name":"wp","href":"https:\/\/api.w.org\/{rel}","templated":true}]}}

Afterwork : Gérer les conflits

<p><img loading="lazy" decoding="async" class="alignnone size-medium wp-image-1637" src="https://larucheindustrielle.fr/wp-content/uploads/2023/04/Ateliers-KOLINKIS-miniature-1-300x221.jpg" alt="" width="300" height="221" /></p>
<p><strong>La gestion de conflits</strong></p>
<p>Pour gérer un conflit, il faut sortir du combat du « J’ai raison » et améliorer l’écoute en alternant gestion des émotions, écoute et argumentation. C’est ce que nous explorerons ensemble grâce à l’outil du théâtre d’improvisation.</p>
<p><strong>Tarifs :</strong></p>
<ul>
<li style="list-style-type: none;">
<ul>
<li>Sans frais pour les salariés des entreprises membres de la Ruche industrielle.</li>
<li>5€, si vous êtes un particulier ou salarié d’une entreprise non adhérente.</li>
</ul>
</li>
</ul>
<p><em>Veillez à venir en tenue confortable et <strong>chaussures plates et fermées.</strong></em></p>

<p>La gestion de conflits Pour gérer un conflit, il faut sortir du combat du « J’ai raison » et améliorer l’écoute en alternant gestion des émotions, écoute et argumentation. C’est ce que nous explorerons ensemble grâce à l’outil du théâtre d’improvisation. Tarifs : Sans frais pour les salariés des entreprises membres de la Ruche industrielle. [&hellip;]</p>

<!-- This site is optimized with the Yoast SEO plugin v27.4 - https://yoast.com/product/yoast-seo-wordpress/ -->
<title>Afterwork : Gérer les conflits - La Ruche industrielle</title>
<meta name="robots" content="index, follow, max-snippet:-1, max-image-preview:large, max-video-preview:-1" />
<link rel="canonical" href="https://larucheindustrielle.fr/fr/evenement/afterwork-kolinkis-gerer-les-conflits/" />
<meta property="og:locale" content="fr_FR" />
<meta property="og:type" content="article" />
<meta property="og:title" content="Afterwork : Gérer les conflits - La Ruche industrielle" />
<meta property="og:description" content="La gestion de conflits Pour gérer un conflit, il faut sortir du combat du « J’ai raison » et améliorer l’écoute en alternant gestion des émotions, écoute et argumentation. C’est ce que nous explorerons ensemble grâce à l’outil du théâtre d’improvisation. Tarifs : Sans frais pour les salariés des entreprises membres de la Ruche industrielle. [&hellip;]" />
<meta property="og:url" content="https://larucheindustrielle.fr/fr/evenement/afterwork-kolinkis-gerer-les-conflits/" />
<meta property="og:site_name" content="La Ruche industrielle" />
<meta property="article:modified_time" content="2024-05-02T12:37:19+00:00" />
<meta property="og:image" content="https://larucheindustrielle.fr/wp-content/uploads/2024/01/2024-kolinkis.jpg" />
	<meta property="og:image:width" content="1024" />
	<meta property="og:image:height" content="498" />
	<meta property="og:image:type" content="image/jpeg" />
<meta name="twitter:card" content="summary_large_image" />
<meta name="twitter:site" content="@LaRucheIndus" />
<meta name="twitter:label1" content="Durée de lecture estimée" />
	<meta name="twitter:data1" content="1 minute" />
<script type="application/ld+json" class="yoast-schema-graph">{"@context":"https:\/\/schema.org","@graph":[{"@type":"WebPage","@id":"https:\/\/larucheindustrielle.fr\/fr\/evenement\/afterwork-kolinkis-gerer-les-conflits\/","url":"https:\/\/larucheindustrielle.fr\/fr\/evenement\/afterwork-kolinkis-gerer-les-conflits\/","name":"Afterwork : Gérer les conflits - La Ruche industrielle","isPartOf":{"@id":"https:\/\/larucheindustrielle.fr\/fr\/#website"},"primaryImageOfPage":{"@id":"https:\/\/larucheindustrielle.fr\/fr\/evenement\/afterwork-kolinkis-gerer-les-conflits\/#primaryimage"},"image":{"@id":"https:\/\/larucheindustrielle.fr\/fr\/evenement\/afterwork-kolinkis-gerer-les-conflits\/#primaryimage"},"thumbnailUrl":"https:\/\/larucheindustrielle.fr\/wp-content\/uploads\/2024\/01\/2024-kolinkis.jpg","datePublished":"2024-01-10T13:19:53+00:00","dateModified":"2024-05-02T12:37:19+00:00","inLanguage":"fr-FR","potentialAction":[{"@type":"ReadAction","target":["https:\/\/larucheindustrielle.fr\/fr\/evenement\/afterwork-kolinkis-gerer-les-conflits\/"]}]},{"@type":"ImageObject","inLanguage":"fr-FR","@id":"https:\/\/larucheindustrielle.fr\/fr\/evenement\/afterwork-kolinkis-gerer-les-conflits\/#primaryimage","url":"https:\/\/larucheindustrielle.fr\/wp-content\/uploads\/2024\/01\/2024-kolinkis.jpg","contentUrl":"https:\/\/larucheindustrielle.fr\/wp-content\/uploads\/2024\/01\/2024-kolinkis.jpg","width":1024,"height":498},{"@type":"WebSite","@id":"https:\/\/larucheindustrielle.fr\/fr\/#website","url":"https:\/\/larucheindustrielle.fr\/fr\/","name":"La Ruche industrielle","description":"Ici, on construit ensemble l&#039;industrie du futur !","publisher":{"@id":"https:\/\/larucheindustrielle.fr\/fr\/#organization"},"potentialAction":[{"@type":"SearchAction","target":{"@type":"EntryPoint","urlTemplate":"https:\/\/larucheindustrielle.fr\/fr\/?s={search_term_string}"},"query-input":{"@type":"PropertyValueSpecification","valueRequired":true,"valueName":"search_term_string"}}],"inLanguage":"fr-FR"},{"@type":"Organization","@id":"https:\/\/larucheindustrielle.fr\/fr\/#organization","name":"La Ruche industrielle","url":"https:\/\/larucheindustrielle.fr\/fr\/","logo":{"@type":"ImageObject","inLanguage":"fr-FR","@id":"https:\/\/larucheindustrielle.fr\/fr\/#\/schema\/logo\/image\/","url":"https:\/\/larucheindustrielle.fr\/wp-content\/uploads\/2023\/06\/Home-page-Logo-la-ruche-en-bois.jpg","contentUrl":"https:\/\/larucheindustrielle.fr\/wp-content\/uploads\/2023\/06\/Home-page-Logo-la-ruche-en-bois.jpg","width":1280,"height":853,"caption":"La Ruche industrielle"},"image":{"@id":"https:\/\/larucheindustrielle.fr\/fr\/#\/schema\/logo\/image\/"},"sameAs":["https:\/\/x.com\/LaRucheIndus","https:\/\/fr.linkedin.com\/company\/la-ruche-industrielle","https:\/\/www.youtube.com\/@larucheindustrielle932","https:\/\/www.instagram.com\/larucheindustrielle\/"]}]}</script>
<!-- / Yoast SEO plugin. -->

Afterwork : Gérer les conflits - La Ruche industrielle

La gestion de conflits Pour gérer un conflit, il faut sortir du combat du « J’ai raison » et améliorer l’écoute en alternant gestion des émotions, écoute et argumentation. C’est ce que nous explorerons ensemble grâce à l’outil du théâtre d’improvisation. Tarifs : Sans frais pour les salariés des entreprises membres de la Ruche industrielle. [&hellip;]
