{"id":5521,"date":"2024-05-03T07:49:07","date_gmt":"2024-05-03T05:49:07","guid":{"rendered":"https:\/\/larucheindustrielle.fr\/fr\/?post_type=evenement&#038;p=5521"},"modified":"2024-09-30T11:54:59","modified_gmt":"2024-09-30T09:54:59","slug":"boostart-14","status":"publish","type":"evenement","link":"https:\/\/larucheindustrielle.fr\/fr\/evenement\/boostart-14\/","title":{"rendered":"Formation intraprenariat Boostart"},"content":{"rendered":"<div class=\"et_pb_module et_pb_text et_pb_text_3 et_pb_text_align_left et_pb_bg_layout_light\">\n<div class=\"et_pb_text_inner\">\n<h3><strong>Devenez acteur du changement gr\u00e2ce \u00e0 un programme de 3 mois<\/strong> by La Ruche Industrielle !<\/h3>\n<\/div>\n<\/div>\n<div class=\"et_pb_module et_pb_text et_pb_text_4 et_pb_text_align_left et_pb_bg_layout_light\">\n<div class=\"et_pb_text_inner\">\n<p><img loading=\"lazy\" decoding=\"async\" class=\"size-medium wp-image-2327 aligncenter\" src=\"https:\/\/larucheindustrielle.fr\/wp-content\/uploads\/2023\/06\/LOGO-PROGRAMME-BOOSTART-ORIGINAL-300x137.jpg\" alt=\"\" width=\"300\" height=\"137\" \/><\/p>\n<p>&nbsp;<\/p>\n<p>Le programme BOOSTART est le programme phare d\u2019intraprenariat et d\u2019acc\u00e9l\u00e9ration de projets innovants de La Ruche Industrielle.<\/p>\n<ul>\n<li>Pour les collaborateurs, il permet de <strong>d\u00e9velopper leur esprit d&rsquo;intraprenariat <\/strong>aguerris ou en herbe et <strong>boostarter leur projet<\/strong> !<\/li>\n<li>Et pour les entreprises, il permet de<strong> diffuser la culture de l\u2019innovation<\/strong> au sein de leurs \u00e9quipes.<\/li>\n<\/ul>\n<p>&nbsp;<\/p>\n<p><img loading=\"lazy\" decoding=\"async\" class=\"aligncenter wp-image-5522 \" src=\"https:\/\/larucheindustrielle.fr\/wp-content\/uploads\/2024\/05\/IMG_4106-1024x683.jpg\" alt=\"\" width=\"707\" height=\"471\" \/><\/p>\n<p>&nbsp;<\/p>\n<p>Un programme anim\u00e9 par deux coachs de chocs :<\/p>\n<ul>\n<li>Bertrand Felix, Responsable Projets La Ruche Industrielle<\/li>\n<li>Rapha\u00ebl Bala\u00ff, Consultant-formateur depuis <span aria-hidden=\"true\">25 ans !<\/span><\/li>\n<\/ul>\n<\/div>\n<p>&nbsp;<\/p>\n<div class=\"et_pb_text_inner\">\n<h3>Pour en savoir plus<\/h3>\n<ul>\n<li><a href=\"https:\/\/larucheindustrielle.fr\/fr\/activites\/le-projet-boostart\/\" target=\"_blank\" rel=\"noopener\">Consultez les informations du programme<\/a><\/li>\n<li><a href=\"mailto:bertrand.felix.ext@larucheindustrielle.fr\" target=\"_blank\" rel=\"noopener\">Contactez Bertrand Felix<\/a><\/li>\n<\/ul>\n<\/div>\n<\/div>\n","protected":false},"excerpt":{"rendered":"<p>Formation \u00e0 l&rsquo;intraprenariat Boostart by La Ruche Industrielle <\/p>\n","protected":false},"featured_media":5522,"template":"","meta":{"_acf_changed":false,"_et_pb_use_builder":"","_et_pb_old_content":"","_et_gb_content_width":""},"categories":[13],"tags":[],"class_list":["post-5521","evenement","type-evenement","status-publish","has-post-thumbnail","hentry","category-passe"],"acf":[],"yoast_head":"<!-- This site is optimized with the Yoast SEO plugin v27.4 - https:\/\/yoast.com\/product\/yoast-seo-wordpress\/ -->\n<title>Formation intraprenariat Boostart - La Ruche industrielle<\/title>\n<meta name=\"description\" content=\"RDV le 29 mai \u00e0 La Ruche Industrielle pour un forum tout public pour d\u00e9couvrir des secteurs d&#039;avenir : BTP, transport, industrie &amp; num\u00e9rique\" \/>\n<meta name=\"robots\" content=\"index, follow, max-snippet:-1, max-image-preview:large, max-video-preview:-1\" \/>\n<link rel=\"canonical\" href=\"https:\/\/larucheindustrielle.fr\/fr\/evenement\/boostart-14\/\" \/>\n<meta property=\"og:locale\" content=\"fr_FR\" \/>\n<meta property=\"og:type\" content=\"article\" \/>\n<meta property=\"og:title\" content=\"Formation intraprenariat Boostart - La Ruche industrielle\" \/>\n<meta property=\"og:description\" content=\"RDV le 29 mai \u00e0 La Ruche Industrielle pour un forum tout public pour d\u00e9couvrir des secteurs d&#039;avenir : BTP, transport, industrie &amp; num\u00e9rique\" \/>\n<meta property=\"og:url\" content=\"https:\/\/larucheindustrielle.fr\/fr\/evenement\/boostart-14\/\" \/>\n<meta property=\"og:site_name\" content=\"La Ruche industrielle\" \/>\n<meta property=\"article:modified_time\" content=\"2024-09-30T09:54:59+00:00\" \/>\n<meta property=\"og:image\" content=\"https:\/\/larucheindustrielle.fr\/wp-content\/uploads\/2024\/05\/IMG_4106-scaled.jpg\" \/>\n\t<meta property=\"og:image:width\" content=\"2560\" \/>\n\t<meta property=\"og:image:height\" content=\"1707\" \/>\n\t<meta property=\"og:image:type\" content=\"image\/jpeg\" \/>\n<meta name=\"twitter:card\" content=\"summary_large_image\" \/>\n<meta name=\"twitter:site\" content=\"@LaRucheIndus\" \/>\n<meta name=\"twitter:label1\" content=\"Dur\u00e9e de lecture estim\u00e9e\" \/>\n\t<meta name=\"twitter:data1\" content=\"2 minutes\" \/>\n<script type=\"application\/ld+json\" class=\"yoast-schema-graph\">{\"@context\":\"https:\\\/\\\/schema.org\",\"@graph\":[{\"@type\":\"WebPage\",\"@id\":\"https:\\\/\\\/larucheindustrielle.fr\\\/fr\\\/evenement\\\/boostart-14\\\/\",\"url\":\"https:\\\/\\\/larucheindustrielle.fr\\\/fr\\\/evenement\\\/boostart-14\\\/\",\"name\":\"Formation intraprenariat Boostart - La Ruche industrielle\",\"isPartOf\":{\"@id\":\"https:\\\/\\\/larucheindustrielle.fr\\\/fr\\\/#website\"},\"primaryImageOfPage\":{\"@id\":\"https:\\\/\\\/larucheindustrielle.fr\\\/fr\\\/evenement\\\/boostart-14\\\/#primaryimage\"},\"image\":{\"@id\":\"https:\\\/\\\/larucheindustrielle.fr\\\/fr\\\/evenement\\\/boostart-14\\\/#primaryimage\"},\"thumbnailUrl\":\"https:\\\/\\\/larucheindustrielle.fr\\\/wp-content\\\/uploads\\\/2024\\\/05\\\/IMG_4106-scaled.jpg\",\"datePublished\":\"2024-05-03T05:49:07+00:00\",\"dateModified\":\"2024-09-30T09:54:59+00:00\",\"description\":\"RDV le 29 mai \u00e0 La Ruche Industrielle pour un forum tout public pour d\u00e9couvrir des secteurs d'avenir : BTP, transport, industrie & num\u00e9rique\",\"inLanguage\":\"fr-FR\",\"potentialAction\":[{\"@type\":\"ReadAction\",\"target\":[\"https:\\\/\\\/larucheindustrielle.fr\\\/fr\\\/evenement\\\/boostart-14\\\/\"]}]},{\"@type\":\"ImageObject\",\"inLanguage\":\"fr-FR\",\"@id\":\"https:\\\/\\\/larucheindustrielle.fr\\\/fr\\\/evenement\\\/boostart-14\\\/#primaryimage\",\"url\":\"https:\\\/\\\/larucheindustrielle.fr\\\/wp-content\\\/uploads\\\/2024\\\/05\\\/IMG_4106-scaled.jpg\",\"contentUrl\":\"https:\\\/\\\/larucheindustrielle.fr\\\/wp-content\\\/uploads\\\/2024\\\/05\\\/IMG_4106-scaled.jpg\",\"width\":2560,\"height\":1707},{\"@type\":\"WebSite\",\"@id\":\"https:\\\/\\\/larucheindustrielle.fr\\\/fr\\\/#website\",\"url\":\"https:\\\/\\\/larucheindustrielle.fr\\\/fr\\\/\",\"name\":\"La Ruche industrielle\",\"description\":\"Ici, on construit ensemble l&#039;industrie du futur !\",\"publisher\":{\"@id\":\"https:\\\/\\\/larucheindustrielle.fr\\\/fr\\\/#organization\"},\"potentialAction\":[{\"@type\":\"SearchAction\",\"target\":{\"@type\":\"EntryPoint\",\"urlTemplate\":\"https:\\\/\\\/larucheindustrielle.fr\\\/fr\\\/?s={search_term_string}\"},\"query-input\":{\"@type\":\"PropertyValueSpecification\",\"valueRequired\":true,\"valueName\":\"search_term_string\"}}],\"inLanguage\":\"fr-FR\"},{\"@type\":\"Organization\",\"@id\":\"https:\\\/\\\/larucheindustrielle.fr\\\/fr\\\/#organization\",\"name\":\"La Ruche industrielle\",\"url\":\"https:\\\/\\\/larucheindustrielle.fr\\\/fr\\\/\",\"logo\":{\"@type\":\"ImageObject\",\"inLanguage\":\"fr-FR\",\"@id\":\"https:\\\/\\\/larucheindustrielle.fr\\\/fr\\\/#\\\/schema\\\/logo\\\/image\\\/\",\"url\":\"https:\\\/\\\/larucheindustrielle.fr\\\/wp-content\\\/uploads\\\/2023\\\/06\\\/Home-page-Logo-la-ruche-en-bois.jpg\",\"contentUrl\":\"https:\\\/\\\/larucheindustrielle.fr\\\/wp-content\\\/uploads\\\/2023\\\/06\\\/Home-page-Logo-la-ruche-en-bois.jpg\",\"width\":1280,\"height\":853,\"caption\":\"La Ruche industrielle\"},\"image\":{\"@id\":\"https:\\\/\\\/larucheindustrielle.fr\\\/fr\\\/#\\\/schema\\\/logo\\\/image\\\/\"},\"sameAs\":[\"https:\\\/\\\/x.com\\\/LaRucheIndus\",\"https:\\\/\\\/fr.linkedin.com\\\/company\\\/la-ruche-industrielle\",\"https:\\\/\\\/www.youtube.com\\\/@larucheindustrielle932\",\"https:\\\/\\\/www.instagram.com\\\/larucheindustrielle\\\/\"]}]}<\/script>\n<!-- \/ Yoast SEO plugin. -->","yoast_head_json":{"title":"Formation intraprenariat Boostart - La Ruche industrielle","description":"RDV le 29 mai \u00e0 La Ruche Industrielle pour un forum tout public pour d\u00e9couvrir des secteurs d'avenir : BTP, transport, industrie & num\u00e9rique","robots":{"index":"index","follow":"follow","max-snippet":"max-snippet:-1","max-image-preview":"max-image-preview:large","max-video-preview":"max-video-preview:-1"},"canonical":"https:\/\/larucheindustrielle.fr\/fr\/evenement\/boostart-14\/","og_locale":"fr_FR","og_type":"article","og_title":"Formation intraprenariat Boostart - La Ruche industrielle","og_description":"RDV le 29 mai \u00e0 La Ruche Industrielle pour un forum tout public pour d\u00e9couvrir des secteurs d'avenir : BTP, transport, industrie & num\u00e9rique","og_url":"https:\/\/larucheindustrielle.fr\/fr\/evenement\/boostart-14\/","og_site_name":"La Ruche industrielle","article_modified_time":"2024-09-30T09:54:59+00:00","og_image":[{"width":2560,"height":1707,"url":"https:\/\/larucheindustrielle.fr\/wp-content\/uploads\/2024\/05\/IMG_4106-scaled.jpg","type":"image\/jpeg"}],"twitter_card":"summary_large_image","twitter_site":"@LaRucheIndus","twitter_misc":{"Dur\u00e9e de lecture estim\u00e9e":"2 minutes"},"schema":{"@context":"https:\/\/schema.org","@graph":[{"@type":"WebPage","@id":"https:\/\/larucheindustrielle.fr\/fr\/evenement\/boostart-14\/","url":"https:\/\/larucheindustrielle.fr\/fr\/evenement\/boostart-14\/","name":"Formation intraprenariat Boostart - La Ruche industrielle","isPartOf":{"@id":"https:\/\/larucheindustrielle.fr\/fr\/#website"},"primaryImageOfPage":{"@id":"https:\/\/larucheindustrielle.fr\/fr\/evenement\/boostart-14\/#primaryimage"},"image":{"@id":"https:\/\/larucheindustrielle.fr\/fr\/evenement\/boostart-14\/#primaryimage"},"thumbnailUrl":"https:\/\/larucheindustrielle.fr\/wp-content\/uploads\/2024\/05\/IMG_4106-scaled.jpg","datePublished":"2024-05-03T05:49:07+00:00","dateModified":"2024-09-30T09:54:59+00:00","description":"RDV le 29 mai \u00e0 La Ruche Industrielle pour un forum tout public pour d\u00e9couvrir des secteurs d'avenir : BTP, transport, industrie & num\u00e9rique","inLanguage":"fr-FR","potentialAction":[{"@type":"ReadAction","target":["https:\/\/larucheindustrielle.fr\/fr\/evenement\/boostart-14\/"]}]},{"@type":"ImageObject","inLanguage":"fr-FR","@id":"https:\/\/larucheindustrielle.fr\/fr\/evenement\/boostart-14\/#primaryimage","url":"https:\/\/larucheindustrielle.fr\/wp-content\/uploads\/2024\/05\/IMG_4106-scaled.jpg","contentUrl":"https:\/\/larucheindustrielle.fr\/wp-content\/uploads\/2024\/05\/IMG_4106-scaled.jpg","width":2560,"height":1707},{"@type":"WebSite","@id":"https:\/\/larucheindustrielle.fr\/fr\/#website","url":"https:\/\/larucheindustrielle.fr\/fr\/","name":"La Ruche industrielle","description":"Ici, on construit ensemble l&#039;industrie du futur !","publisher":{"@id":"https:\/\/larucheindustrielle.fr\/fr\/#organization"},"potentialAction":[{"@type":"SearchAction","target":{"@type":"EntryPoint","urlTemplate":"https:\/\/larucheindustrielle.fr\/fr\/?s={search_term_string}"},"query-input":{"@type":"PropertyValueSpecification","valueRequired":true,"valueName":"search_term_string"}}],"inLanguage":"fr-FR"},{"@type":"Organization","@id":"https:\/\/larucheindustrielle.fr\/fr\/#organization","name":"La Ruche industrielle","url":"https:\/\/larucheindustrielle.fr\/fr\/","logo":{"@type":"ImageObject","inLanguage":"fr-FR","@id":"https:\/\/larucheindustrielle.fr\/fr\/#\/schema\/logo\/image\/","url":"https:\/\/larucheindustrielle.fr\/wp-content\/uploads\/2023\/06\/Home-page-Logo-la-ruche-en-bois.jpg","contentUrl":"https:\/\/larucheindustrielle.fr\/wp-content\/uploads\/2023\/06\/Home-page-Logo-la-ruche-en-bois.jpg","width":1280,"height":853,"caption":"La Ruche industrielle"},"image":{"@id":"https:\/\/larucheindustrielle.fr\/fr\/#\/schema\/logo\/image\/"},"sameAs":["https:\/\/x.com\/LaRucheIndus","https:\/\/fr.linkedin.com\/company\/la-ruche-industrielle","https:\/\/www.youtube.com\/@larucheindustrielle932","https:\/\/www.instagram.com\/larucheindustrielle\/"]}]}},"publishpress_future_action":{"enabled":false,"date":"2026-05-04 13:59:04","action":"category","newStatus":"draft","terms":[13],"taxonomy":"category","extraData":[]},"publishpress_future_workflow_manual_trigger":{"enabledWorkflows":[]},"_links":{"self":[{"href":"https:\/\/larucheindustrielle.fr\/fr\/wp-json\/wp\/v2\/evenement\/5521","targetHints":{"allow":["GET"]}}],"collection":[{"href":"https:\/\/larucheindustrielle.fr\/fr\/wp-json\/wp\/v2\/evenement"}],"about":[{"href":"https:\/\/larucheindustrielle.fr\/fr\/wp-json\/wp\/v2\/types\/evenement"}],"wp:featuredmedia":[{"embeddable":true,"href":"https:\/\/larucheindustrielle.fr\/fr\/wp-json\/wp\/v2\/media\/5522"}],"wp:attachment":[{"href":"https:\/\/larucheindustrielle.fr\/fr\/wp-json\/wp\/v2\/media?parent=5521"}],"wp:term":[{"taxonomy":"category","embeddable":true,"href":"https:\/\/larucheindustrielle.fr\/fr\/wp-json\/wp\/v2\/categories?post=5521"},{"taxonomy":"post_tag","embeddable":true,"href":"https:\/\/larucheindustrielle.fr\/fr\/wp-json\/wp\/v2\/tags?post=5521"}],"curies":[{"name":"wp","href":"https:\/\/api.w.org\/{rel}","templated":true}]}}

<div class="et_pb_module et_pb_text et_pb_text_3 et_pb_text_align_left et_pb_bg_layout_light">
<div class="et_pb_text_inner">
<h3><strong>Devenez acteur du changement grâce à un programme de 3 mois</strong> by La Ruche Industrielle !</h3>
</div>
</div>
<div class="et_pb_module et_pb_text et_pb_text_4 et_pb_text_align_left et_pb_bg_layout_light">
<div class="et_pb_text_inner">
<p><img loading="lazy" decoding="async" class="size-medium wp-image-2327 aligncenter" src="https://larucheindustrielle.fr/wp-content/uploads/2023/06/LOGO-PROGRAMME-BOOSTART-ORIGINAL-300x137.jpg" alt="" width="300" height="137" /></p>
<p>&nbsp;</p>
<p>Le programme BOOSTART est le programme phare d’intraprenariat et d’accélération de projets innovants de La Ruche Industrielle.</p>
<ul>
<li>Pour les collaborateurs, il permet de <strong>développer leur esprit d&rsquo;intraprenariat </strong>aguerris ou en herbe et <strong>boostarter leur projet</strong> !</li>
<li>Et pour les entreprises, il permet de<strong> diffuser la culture de l’innovation</strong> au sein de leurs équipes.</li>
</ul>
<p>&nbsp;</p>
<p><img loading="lazy" decoding="async" class="aligncenter wp-image-5522 " src="https://larucheindustrielle.fr/wp-content/uploads/2024/05/IMG_4106-1024x683.jpg" alt="" width="707" height="471" /></p>
<p>&nbsp;</p>
<p>Un programme animé par deux coachs de chocs :</p>
<ul>
<li>Bertrand Felix, Responsable Projets La Ruche Industrielle</li>
<li>Raphaël Balaÿ, Consultant-formateur depuis <span aria-hidden="true">25 ans !</span></li>
</ul>
</div>
<p>&nbsp;</p>
<div class="et_pb_text_inner">
<h3>Pour en savoir plus</h3>
<ul>
<li><a href="https://larucheindustrielle.fr/fr/activites/le-projet-boostart/" target="_blank" rel="noopener">Consultez les informations du programme</a></li>
<li><a href="mailto:bertrand.felix.ext@larucheindustrielle.fr" target="_blank" rel="noopener">Contactez Bertrand Felix</a></li>
</ul>
</div>
</div>

<p>Formation à l&rsquo;intraprenariat Boostart by La Ruche Industrielle </p>

<!-- This site is optimized with the Yoast SEO plugin v27.4 - https://yoast.com/product/yoast-seo-wordpress/ -->
<title>Formation intraprenariat Boostart - La Ruche industrielle</title>
<meta name="description" content="RDV le 29 mai à La Ruche Industrielle pour un forum tout public pour découvrir des secteurs d&#039;avenir : BTP, transport, industrie &amp; numérique" />
<meta name="robots" content="index, follow, max-snippet:-1, max-image-preview:large, max-video-preview:-1" />
<link rel="canonical" href="https://larucheindustrielle.fr/fr/evenement/boostart-14/" />
<meta property="og:locale" content="fr_FR" />
<meta property="og:type" content="article" />
<meta property="og:title" content="Formation intraprenariat Boostart - La Ruche industrielle" />
<meta property="og:description" content="RDV le 29 mai à La Ruche Industrielle pour un forum tout public pour découvrir des secteurs d&#039;avenir : BTP, transport, industrie &amp; numérique" />
<meta property="og:url" content="https://larucheindustrielle.fr/fr/evenement/boostart-14/" />
<meta property="og:site_name" content="La Ruche industrielle" />
<meta property="article:modified_time" content="2024-09-30T09:54:59+00:00" />
<meta property="og:image" content="https://larucheindustrielle.fr/wp-content/uploads/2024/05/IMG_4106-scaled.jpg" />
	<meta property="og:image:width" content="2560" />
	<meta property="og:image:height" content="1707" />
	<meta property="og:image:type" content="image/jpeg" />
<meta name="twitter:card" content="summary_large_image" />
<meta name="twitter:site" content="@LaRucheIndus" />
<meta name="twitter:label1" content="Durée de lecture estimée" />
	<meta name="twitter:data1" content="2 minutes" />
<script type="application/ld+json" class="yoast-schema-graph">{"@context":"https:\/\/schema.org","@graph":[{"@type":"WebPage","@id":"https:\/\/larucheindustrielle.fr\/fr\/evenement\/boostart-14\/","url":"https:\/\/larucheindustrielle.fr\/fr\/evenement\/boostart-14\/","name":"Formation intraprenariat Boostart - La Ruche industrielle","isPartOf":{"@id":"https:\/\/larucheindustrielle.fr\/fr\/#website"},"primaryImageOfPage":{"@id":"https:\/\/larucheindustrielle.fr\/fr\/evenement\/boostart-14\/#primaryimage"},"image":{"@id":"https:\/\/larucheindustrielle.fr\/fr\/evenement\/boostart-14\/#primaryimage"},"thumbnailUrl":"https:\/\/larucheindustrielle.fr\/wp-content\/uploads\/2024\/05\/IMG_4106-scaled.jpg","datePublished":"2024-05-03T05:49:07+00:00","dateModified":"2024-09-30T09:54:59+00:00","description":"RDV le 29 mai à La Ruche Industrielle pour un forum tout public pour découvrir des secteurs d'avenir : BTP, transport, industrie & numérique","inLanguage":"fr-FR","potentialAction":[{"@type":"ReadAction","target":["https:\/\/larucheindustrielle.fr\/fr\/evenement\/boostart-14\/"]}]},{"@type":"ImageObject","inLanguage":"fr-FR","@id":"https:\/\/larucheindustrielle.fr\/fr\/evenement\/boostart-14\/#primaryimage","url":"https:\/\/larucheindustrielle.fr\/wp-content\/uploads\/2024\/05\/IMG_4106-scaled.jpg","contentUrl":"https:\/\/larucheindustrielle.fr\/wp-content\/uploads\/2024\/05\/IMG_4106-scaled.jpg","width":2560,"height":1707},{"@type":"WebSite","@id":"https:\/\/larucheindustrielle.fr\/fr\/#website","url":"https:\/\/larucheindustrielle.fr\/fr\/","name":"La Ruche industrielle","description":"Ici, on construit ensemble l&#039;industrie du futur !","publisher":{"@id":"https:\/\/larucheindustrielle.fr\/fr\/#organization"},"potentialAction":[{"@type":"SearchAction","target":{"@type":"EntryPoint","urlTemplate":"https:\/\/larucheindustrielle.fr\/fr\/?s={search_term_string}"},"query-input":{"@type":"PropertyValueSpecification","valueRequired":true,"valueName":"search_term_string"}}],"inLanguage":"fr-FR"},{"@type":"Organization","@id":"https:\/\/larucheindustrielle.fr\/fr\/#organization","name":"La Ruche industrielle","url":"https:\/\/larucheindustrielle.fr\/fr\/","logo":{"@type":"ImageObject","inLanguage":"fr-FR","@id":"https:\/\/larucheindustrielle.fr\/fr\/#\/schema\/logo\/image\/","url":"https:\/\/larucheindustrielle.fr\/wp-content\/uploads\/2023\/06\/Home-page-Logo-la-ruche-en-bois.jpg","contentUrl":"https:\/\/larucheindustrielle.fr\/wp-content\/uploads\/2023\/06\/Home-page-Logo-la-ruche-en-bois.jpg","width":1280,"height":853,"caption":"La Ruche industrielle"},"image":{"@id":"https:\/\/larucheindustrielle.fr\/fr\/#\/schema\/logo\/image\/"},"sameAs":["https:\/\/x.com\/LaRucheIndus","https:\/\/fr.linkedin.com\/company\/la-ruche-industrielle","https:\/\/www.youtube.com\/@larucheindustrielle932","https:\/\/www.instagram.com\/larucheindustrielle\/"]}]}</script>
<!-- / Yoast SEO plugin. -->

RDV le 29 mai à La Ruche Industrielle pour un forum tout public pour découvrir des secteurs d'avenir : BTP, transport, industrie & numérique
