{"id":8327,"date":"2025-05-20T11:59:12","date_gmt":"2025-05-20T09:59:12","guid":{"rendered":"https:\/\/larucheindustrielle.fr\/fr\/?post_type=evenement&#038;p=8327"},"modified":"2025-11-10T08:39:24","modified_gmt":"2025-11-10T07:39:24","slug":"elan-vert-l-industrie-2025","status":"publish","type":"evenement","link":"https:\/\/larucheindustrielle.fr\/fr\/evenement\/elan-vert-l-industrie-2025\/","title":{"rendered":"\u00c9lan vert l&rsquo;industrie 2025"},"content":{"rendered":"<h5><img loading=\"lazy\" decoding=\"async\" class=\"aligncenter wp-image-8802\" src=\"https:\/\/larucheindustrielle.fr\/wp-content\/uploads\/2025\/05\/EVI-2025.jpg\" alt=\"\" width=\"450\" height=\"564\" \/><\/h5>\n<h5>En 2024, lors de la premi\u00e8re \u00e9dition, plus de 2000 cadres, jeunes dipl\u00f4m\u00e9s, managers et dirigeants d\u2019entreprises ont assist\u00e9 \u00e0 l\u2019\u00e9v\u00e9nement organis\u00e9 \u00e0 Lyon d\u2019Elan vert l\u2019Industrie, en pr\u00e9sence d\u2019entreprises, d\u2019organismes de formation et d\u2019institutionnels.<\/h5>\n<h5>Deux jours pour d\u00e9couvrir les opportunit\u00e9s d\u2019emploi cadre propos\u00e9es par plus de 70 entreprises du secteur de l\u2019industrie et mieux comprendre les grands d\u00e9fis actuels et futurs de l&rsquo;industrie.<\/h5>\n<p>La Ruche Industrielle fait partie du Comit\u00e9 de pilotage et sera exposant pour l&rsquo;organisation de la deuxi\u00e8me \u00e9dition qui aura lieu \u00e0 Lyon le 04 novembre 2025.<\/p>\n<p><em>Interventions pr\u00e9vues :<\/em><\/p>\n<p>\u2022 15h15 &#8211; 16h15<br \/>\nCaroline F\u00e9lix, Directrice G\u00e9n\u00e9rale La Ruche Industrielle, interviendra lors de la table ronde : <strong>Vers des organisations humaines : r\u00e9enchanter le travail par le management et le sens<\/strong><\/p>\n<p>\u2022 16h30-17h30<br \/>\nBertrand F\u00e9lix, Responsable Projets La Ruche Industrielle, interviendra lors de la table ronde : <strong>Agilit\u00e9 en temps d\u2019incertitude : cl\u00e9s pour piloter et s&rsquo;adapter face aux changements<\/strong><\/p>\n<p>Pour en savoir plus\u00a0: <a href=\"mailto:contact@larucheindustrielle.fr\" target=\"_blank\" rel=\"noopener\">contact@larucheindustrielle.fr<\/a><\/p>\n","protected":false},"excerpt":{"rendered":"<p>2 jours pour rencontrer des entreprises qui font bouger l&rsquo;industrie en Auvergne-Rh\u00f4ne-Alpes, d\u00e9couvrir leurs m\u00e9tiers, les tendances et opportunit\u00e9s !<\/p>\n","protected":false},"featured_media":8802,"template":"","meta":{"_acf_changed":false,"_et_pb_use_builder":"","_et_pb_old_content":"","_et_gb_content_width":""},"categories":[13],"tags":[],"class_list":["post-8327","evenement","type-evenement","status-publish","has-post-thumbnail","hentry","category-passe"],"acf":[],"yoast_head":"<!-- This site is optimized with the Yoast SEO plugin v27.4 - https:\/\/yoast.com\/product\/yoast-seo-wordpress\/ -->\n<title>\u00c9lan vert l&#039;industrie 2025 - La Ruche industrielle<\/title>\n<meta name=\"robots\" content=\"index, follow, max-snippet:-1, max-image-preview:large, max-video-preview:-1\" \/>\n<link rel=\"canonical\" href=\"https:\/\/larucheindustrielle.fr\/fr\/evenement\/elan-vert-l-industrie-2025\/\" \/>\n<meta property=\"og:locale\" content=\"fr_FR\" \/>\n<meta property=\"og:type\" content=\"article\" \/>\n<meta property=\"og:title\" content=\"\u00c9lan vert l&#039;industrie 2025 - La Ruche industrielle\" \/>\n<meta property=\"og:description\" content=\"2 jours pour rencontrer des entreprises qui font bouger l&#039;industrie en Auvergne-Rh\u00f4ne-Alpes, d\u00e9couvrir leurs m\u00e9tiers, les tendances et opportunit\u00e9s !\" \/>\n<meta property=\"og:url\" content=\"https:\/\/larucheindustrielle.fr\/fr\/evenement\/elan-vert-l-industrie-2025\/\" \/>\n<meta property=\"og:site_name\" content=\"La Ruche industrielle\" \/>\n<meta property=\"article:modified_time\" content=\"2025-11-10T07:39:24+00:00\" \/>\n<meta property=\"og:image\" content=\"https:\/\/larucheindustrielle.fr\/wp-content\/uploads\/2025\/05\/EVI-2025.jpg\" \/>\n\t<meta property=\"og:image:width\" content=\"711\" \/>\n\t<meta property=\"og:image:height\" content=\"891\" \/>\n\t<meta property=\"og:image:type\" content=\"image\/jpeg\" \/>\n<meta name=\"twitter:card\" content=\"summary_large_image\" \/>\n<meta name=\"twitter:site\" content=\"@LaRucheIndus\" \/>\n<meta name=\"twitter:label1\" content=\"Dur\u00e9e de lecture estim\u00e9e\" \/>\n\t<meta name=\"twitter:data1\" content=\"2 minutes\" \/>\n<script type=\"application\/ld+json\" class=\"yoast-schema-graph\">{\"@context\":\"https:\\\/\\\/schema.org\",\"@graph\":[{\"@type\":\"WebPage\",\"@id\":\"https:\\\/\\\/larucheindustrielle.fr\\\/fr\\\/evenement\\\/elan-vert-l-industrie-2025\\\/\",\"url\":\"https:\\\/\\\/larucheindustrielle.fr\\\/fr\\\/evenement\\\/elan-vert-l-industrie-2025\\\/\",\"name\":\"\u00c9lan vert l'industrie 2025 - La Ruche industrielle\",\"isPartOf\":{\"@id\":\"https:\\\/\\\/larucheindustrielle.fr\\\/fr\\\/#website\"},\"primaryImageOfPage\":{\"@id\":\"https:\\\/\\\/larucheindustrielle.fr\\\/fr\\\/evenement\\\/elan-vert-l-industrie-2025\\\/#primaryimage\"},\"image\":{\"@id\":\"https:\\\/\\\/larucheindustrielle.fr\\\/fr\\\/evenement\\\/elan-vert-l-industrie-2025\\\/#primaryimage\"},\"thumbnailUrl\":\"https:\\\/\\\/larucheindustrielle.fr\\\/wp-content\\\/uploads\\\/2025\\\/05\\\/EVI-2025.jpg\",\"datePublished\":\"2025-05-20T09:59:12+00:00\",\"dateModified\":\"2025-11-10T07:39:24+00:00\",\"inLanguage\":\"fr-FR\",\"potentialAction\":[{\"@type\":\"ReadAction\",\"target\":[\"https:\\\/\\\/larucheindustrielle.fr\\\/fr\\\/evenement\\\/elan-vert-l-industrie-2025\\\/\"]}]},{\"@type\":\"ImageObject\",\"inLanguage\":\"fr-FR\",\"@id\":\"https:\\\/\\\/larucheindustrielle.fr\\\/fr\\\/evenement\\\/elan-vert-l-industrie-2025\\\/#primaryimage\",\"url\":\"https:\\\/\\\/larucheindustrielle.fr\\\/wp-content\\\/uploads\\\/2025\\\/05\\\/EVI-2025.jpg\",\"contentUrl\":\"https:\\\/\\\/larucheindustrielle.fr\\\/wp-content\\\/uploads\\\/2025\\\/05\\\/EVI-2025.jpg\",\"width\":711,\"height\":891},{\"@type\":\"WebSite\",\"@id\":\"https:\\\/\\\/larucheindustrielle.fr\\\/fr\\\/#website\",\"url\":\"https:\\\/\\\/larucheindustrielle.fr\\\/fr\\\/\",\"name\":\"La Ruche industrielle\",\"description\":\"Ici, on construit ensemble l&#039;industrie du futur !\",\"publisher\":{\"@id\":\"https:\\\/\\\/larucheindustrielle.fr\\\/fr\\\/#organization\"},\"potentialAction\":[{\"@type\":\"SearchAction\",\"target\":{\"@type\":\"EntryPoint\",\"urlTemplate\":\"https:\\\/\\\/larucheindustrielle.fr\\\/fr\\\/?s={search_term_string}\"},\"query-input\":{\"@type\":\"PropertyValueSpecification\",\"valueRequired\":true,\"valueName\":\"search_term_string\"}}],\"inLanguage\":\"fr-FR\"},{\"@type\":\"Organization\",\"@id\":\"https:\\\/\\\/larucheindustrielle.fr\\\/fr\\\/#organization\",\"name\":\"La Ruche industrielle\",\"url\":\"https:\\\/\\\/larucheindustrielle.fr\\\/fr\\\/\",\"logo\":{\"@type\":\"ImageObject\",\"inLanguage\":\"fr-FR\",\"@id\":\"https:\\\/\\\/larucheindustrielle.fr\\\/fr\\\/#\\\/schema\\\/logo\\\/image\\\/\",\"url\":\"https:\\\/\\\/larucheindustrielle.fr\\\/wp-content\\\/uploads\\\/2023\\\/06\\\/Home-page-Logo-la-ruche-en-bois.jpg\",\"contentUrl\":\"https:\\\/\\\/larucheindustrielle.fr\\\/wp-content\\\/uploads\\\/2023\\\/06\\\/Home-page-Logo-la-ruche-en-bois.jpg\",\"width\":1280,\"height\":853,\"caption\":\"La Ruche industrielle\"},\"image\":{\"@id\":\"https:\\\/\\\/larucheindustrielle.fr\\\/fr\\\/#\\\/schema\\\/logo\\\/image\\\/\"},\"sameAs\":[\"https:\\\/\\\/x.com\\\/LaRucheIndus\",\"https:\\\/\\\/fr.linkedin.com\\\/company\\\/la-ruche-industrielle\",\"https:\\\/\\\/www.youtube.com\\\/@larucheindustrielle932\",\"https:\\\/\\\/www.instagram.com\\\/larucheindustrielle\\\/\"]}]}<\/script>\n<!-- \/ Yoast SEO plugin. -->","yoast_head_json":{"title":"\u00c9lan vert l'industrie 2025 - La Ruche industrielle","robots":{"index":"index","follow":"follow","max-snippet":"max-snippet:-1","max-image-preview":"max-image-preview:large","max-video-preview":"max-video-preview:-1"},"canonical":"https:\/\/larucheindustrielle.fr\/fr\/evenement\/elan-vert-l-industrie-2025\/","og_locale":"fr_FR","og_type":"article","og_title":"\u00c9lan vert l'industrie 2025 - La Ruche industrielle","og_description":"2 jours pour rencontrer des entreprises qui font bouger l'industrie en Auvergne-Rh\u00f4ne-Alpes, d\u00e9couvrir leurs m\u00e9tiers, les tendances et opportunit\u00e9s !","og_url":"https:\/\/larucheindustrielle.fr\/fr\/evenement\/elan-vert-l-industrie-2025\/","og_site_name":"La Ruche industrielle","article_modified_time":"2025-11-10T07:39:24+00:00","og_image":[{"width":711,"height":891,"url":"https:\/\/larucheindustrielle.fr\/wp-content\/uploads\/2025\/05\/EVI-2025.jpg","type":"image\/jpeg"}],"twitter_card":"summary_large_image","twitter_site":"@LaRucheIndus","twitter_misc":{"Dur\u00e9e de lecture estim\u00e9e":"2 minutes"},"schema":{"@context":"https:\/\/schema.org","@graph":[{"@type":"WebPage","@id":"https:\/\/larucheindustrielle.fr\/fr\/evenement\/elan-vert-l-industrie-2025\/","url":"https:\/\/larucheindustrielle.fr\/fr\/evenement\/elan-vert-l-industrie-2025\/","name":"\u00c9lan vert l'industrie 2025 - La Ruche industrielle","isPartOf":{"@id":"https:\/\/larucheindustrielle.fr\/fr\/#website"},"primaryImageOfPage":{"@id":"https:\/\/larucheindustrielle.fr\/fr\/evenement\/elan-vert-l-industrie-2025\/#primaryimage"},"image":{"@id":"https:\/\/larucheindustrielle.fr\/fr\/evenement\/elan-vert-l-industrie-2025\/#primaryimage"},"thumbnailUrl":"https:\/\/larucheindustrielle.fr\/wp-content\/uploads\/2025\/05\/EVI-2025.jpg","datePublished":"2025-05-20T09:59:12+00:00","dateModified":"2025-11-10T07:39:24+00:00","inLanguage":"fr-FR","potentialAction":[{"@type":"ReadAction","target":["https:\/\/larucheindustrielle.fr\/fr\/evenement\/elan-vert-l-industrie-2025\/"]}]},{"@type":"ImageObject","inLanguage":"fr-FR","@id":"https:\/\/larucheindustrielle.fr\/fr\/evenement\/elan-vert-l-industrie-2025\/#primaryimage","url":"https:\/\/larucheindustrielle.fr\/wp-content\/uploads\/2025\/05\/EVI-2025.jpg","contentUrl":"https:\/\/larucheindustrielle.fr\/wp-content\/uploads\/2025\/05\/EVI-2025.jpg","width":711,"height":891},{"@type":"WebSite","@id":"https:\/\/larucheindustrielle.fr\/fr\/#website","url":"https:\/\/larucheindustrielle.fr\/fr\/","name":"La Ruche industrielle","description":"Ici, on construit ensemble l&#039;industrie du futur !","publisher":{"@id":"https:\/\/larucheindustrielle.fr\/fr\/#organization"},"potentialAction":[{"@type":"SearchAction","target":{"@type":"EntryPoint","urlTemplate":"https:\/\/larucheindustrielle.fr\/fr\/?s={search_term_string}"},"query-input":{"@type":"PropertyValueSpecification","valueRequired":true,"valueName":"search_term_string"}}],"inLanguage":"fr-FR"},{"@type":"Organization","@id":"https:\/\/larucheindustrielle.fr\/fr\/#organization","name":"La Ruche industrielle","url":"https:\/\/larucheindustrielle.fr\/fr\/","logo":{"@type":"ImageObject","inLanguage":"fr-FR","@id":"https:\/\/larucheindustrielle.fr\/fr\/#\/schema\/logo\/image\/","url":"https:\/\/larucheindustrielle.fr\/wp-content\/uploads\/2023\/06\/Home-page-Logo-la-ruche-en-bois.jpg","contentUrl":"https:\/\/larucheindustrielle.fr\/wp-content\/uploads\/2023\/06\/Home-page-Logo-la-ruche-en-bois.jpg","width":1280,"height":853,"caption":"La Ruche industrielle"},"image":{"@id":"https:\/\/larucheindustrielle.fr\/fr\/#\/schema\/logo\/image\/"},"sameAs":["https:\/\/x.com\/LaRucheIndus","https:\/\/fr.linkedin.com\/company\/la-ruche-industrielle","https:\/\/www.youtube.com\/@larucheindustrielle932","https:\/\/www.instagram.com\/larucheindustrielle\/"]}]}},"publishpress_future_action":{"enabled":false,"date":"2026-05-04 11:20:33","action":"category","newStatus":"draft","terms":[13],"taxonomy":"category","extraData":[]},"publishpress_future_workflow_manual_trigger":{"enabledWorkflows":[]},"_links":{"self":[{"href":"https:\/\/larucheindustrielle.fr\/fr\/wp-json\/wp\/v2\/evenement\/8327","targetHints":{"allow":["GET"]}}],"collection":[{"href":"https:\/\/larucheindustrielle.fr\/fr\/wp-json\/wp\/v2\/evenement"}],"about":[{"href":"https:\/\/larucheindustrielle.fr\/fr\/wp-json\/wp\/v2\/types\/evenement"}],"wp:featuredmedia":[{"embeddable":true,"href":"https:\/\/larucheindustrielle.fr\/fr\/wp-json\/wp\/v2\/media\/8802"}],"wp:attachment":[{"href":"https:\/\/larucheindustrielle.fr\/fr\/wp-json\/wp\/v2\/media?parent=8327"}],"wp:term":[{"taxonomy":"category","embeddable":true,"href":"https:\/\/larucheindustrielle.fr\/fr\/wp-json\/wp\/v2\/categories?post=8327"},{"taxonomy":"post_tag","embeddable":true,"href":"https:\/\/larucheindustrielle.fr\/fr\/wp-json\/wp\/v2\/tags?post=8327"}],"curies":[{"name":"wp","href":"https:\/\/api.w.org\/{rel}","templated":true}]}}

Élan vert l&rsquo;industrie 2025

<h5><img loading="lazy" decoding="async" class="aligncenter wp-image-8802" src="https://larucheindustrielle.fr/wp-content/uploads/2025/05/EVI-2025.jpg" alt="" width="450" height="564" /></h5>
<h5>En 2024, lors de la première édition, plus de 2000 cadres, jeunes diplômés, managers et dirigeants d’entreprises ont assisté à l’événement organisé à Lyon d’Elan vert l’Industrie, en présence d’entreprises, d’organismes de formation et d’institutionnels.</h5>
<h5>Deux jours pour découvrir les opportunités d’emploi cadre proposées par plus de 70 entreprises du secteur de l’industrie et mieux comprendre les grands défis actuels et futurs de l&rsquo;industrie.</h5>
<p>La Ruche Industrielle fait partie du Comité de pilotage et sera exposant pour l&rsquo;organisation de la deuxième édition qui aura lieu à Lyon le 04 novembre 2025.</p>
<p><em>Interventions prévues :</em></p>
<p>• 15h15 &#8211; 16h15<br />
Caroline Félix, Directrice Générale La Ruche Industrielle, interviendra lors de la table ronde : <strong>Vers des organisations humaines : réenchanter le travail par le management et le sens</strong></p>
<p>• 16h30-17h30<br />
Bertrand Félix, Responsable Projets La Ruche Industrielle, interviendra lors de la table ronde : <strong>Agilité en temps d’incertitude : clés pour piloter et s&rsquo;adapter face aux changements</strong></p>
<p>Pour en savoir plus : <a href="mailto:contact@larucheindustrielle.fr" target="_blank" rel="noopener">contact@larucheindustrielle.fr</a></p>

<p>2 jours pour rencontrer des entreprises qui font bouger l&rsquo;industrie en Auvergne-Rhône-Alpes, découvrir leurs métiers, les tendances et opportunités !</p>

<!-- This site is optimized with the Yoast SEO plugin v27.4 - https://yoast.com/product/yoast-seo-wordpress/ -->
<title>Élan vert l&#039;industrie 2025 - La Ruche industrielle</title>
<meta name="robots" content="index, follow, max-snippet:-1, max-image-preview:large, max-video-preview:-1" />
<link rel="canonical" href="https://larucheindustrielle.fr/fr/evenement/elan-vert-l-industrie-2025/" />
<meta property="og:locale" content="fr_FR" />
<meta property="og:type" content="article" />
<meta property="og:title" content="Élan vert l&#039;industrie 2025 - La Ruche industrielle" />
<meta property="og:description" content="2 jours pour rencontrer des entreprises qui font bouger l&#039;industrie en Auvergne-Rhône-Alpes, découvrir leurs métiers, les tendances et opportunités !" />
<meta property="og:url" content="https://larucheindustrielle.fr/fr/evenement/elan-vert-l-industrie-2025/" />
<meta property="og:site_name" content="La Ruche industrielle" />
<meta property="article:modified_time" content="2025-11-10T07:39:24+00:00" />
<meta property="og:image" content="https://larucheindustrielle.fr/wp-content/uploads/2025/05/EVI-2025.jpg" />
	<meta property="og:image:width" content="711" />
	<meta property="og:image:height" content="891" />
	<meta property="og:image:type" content="image/jpeg" />
<meta name="twitter:card" content="summary_large_image" />
<meta name="twitter:site" content="@LaRucheIndus" />
<meta name="twitter:label1" content="Durée de lecture estimée" />
	<meta name="twitter:data1" content="2 minutes" />
<script type="application/ld+json" class="yoast-schema-graph">{"@context":"https:\/\/schema.org","@graph":[{"@type":"WebPage","@id":"https:\/\/larucheindustrielle.fr\/fr\/evenement\/elan-vert-l-industrie-2025\/","url":"https:\/\/larucheindustrielle.fr\/fr\/evenement\/elan-vert-l-industrie-2025\/","name":"Élan vert l'industrie 2025 - La Ruche industrielle","isPartOf":{"@id":"https:\/\/larucheindustrielle.fr\/fr\/#website"},"primaryImageOfPage":{"@id":"https:\/\/larucheindustrielle.fr\/fr\/evenement\/elan-vert-l-industrie-2025\/#primaryimage"},"image":{"@id":"https:\/\/larucheindustrielle.fr\/fr\/evenement\/elan-vert-l-industrie-2025\/#primaryimage"},"thumbnailUrl":"https:\/\/larucheindustrielle.fr\/wp-content\/uploads\/2025\/05\/EVI-2025.jpg","datePublished":"2025-05-20T09:59:12+00:00","dateModified":"2025-11-10T07:39:24+00:00","inLanguage":"fr-FR","potentialAction":[{"@type":"ReadAction","target":["https:\/\/larucheindustrielle.fr\/fr\/evenement\/elan-vert-l-industrie-2025\/"]}]},{"@type":"ImageObject","inLanguage":"fr-FR","@id":"https:\/\/larucheindustrielle.fr\/fr\/evenement\/elan-vert-l-industrie-2025\/#primaryimage","url":"https:\/\/larucheindustrielle.fr\/wp-content\/uploads\/2025\/05\/EVI-2025.jpg","contentUrl":"https:\/\/larucheindustrielle.fr\/wp-content\/uploads\/2025\/05\/EVI-2025.jpg","width":711,"height":891},{"@type":"WebSite","@id":"https:\/\/larucheindustrielle.fr\/fr\/#website","url":"https:\/\/larucheindustrielle.fr\/fr\/","name":"La Ruche industrielle","description":"Ici, on construit ensemble l&#039;industrie du futur !","publisher":{"@id":"https:\/\/larucheindustrielle.fr\/fr\/#organization"},"potentialAction":[{"@type":"SearchAction","target":{"@type":"EntryPoint","urlTemplate":"https:\/\/larucheindustrielle.fr\/fr\/?s={search_term_string}"},"query-input":{"@type":"PropertyValueSpecification","valueRequired":true,"valueName":"search_term_string"}}],"inLanguage":"fr-FR"},{"@type":"Organization","@id":"https:\/\/larucheindustrielle.fr\/fr\/#organization","name":"La Ruche industrielle","url":"https:\/\/larucheindustrielle.fr\/fr\/","logo":{"@type":"ImageObject","inLanguage":"fr-FR","@id":"https:\/\/larucheindustrielle.fr\/fr\/#\/schema\/logo\/image\/","url":"https:\/\/larucheindustrielle.fr\/wp-content\/uploads\/2023\/06\/Home-page-Logo-la-ruche-en-bois.jpg","contentUrl":"https:\/\/larucheindustrielle.fr\/wp-content\/uploads\/2023\/06\/Home-page-Logo-la-ruche-en-bois.jpg","width":1280,"height":853,"caption":"La Ruche industrielle"},"image":{"@id":"https:\/\/larucheindustrielle.fr\/fr\/#\/schema\/logo\/image\/"},"sameAs":["https:\/\/x.com\/LaRucheIndus","https:\/\/fr.linkedin.com\/company\/la-ruche-industrielle","https:\/\/www.youtube.com\/@larucheindustrielle932","https:\/\/www.instagram.com\/larucheindustrielle\/"]}]}</script>
<!-- / Yoast SEO plugin. -->

Élan vert l'industrie 2025 - La Ruche industrielle

2 jours pour rencontrer des entreprises qui font bouger l'industrie en Auvergne-Rhône-Alpes, découvrir leurs métiers, les tendances et opportunités !
