{"id":8332,"date":"2025-05-20T15:30:42","date_gmt":"2025-05-20T13:30:42","guid":{"rendered":"https:\/\/larucheindustrielle.fr\/fr\/?post_type=evenement&#038;p=8332"},"modified":"2025-09-15T17:38:55","modified_gmt":"2025-09-15T15:38:55","slug":"poser-ses-limites-avec-assertivite","status":"publish","type":"evenement","link":"https:\/\/larucheindustrielle.fr\/fr\/evenement\/poser-ses-limites-avec-assertivite\/","title":{"rendered":"Afterwork : Poser ses limites avec assertivit\u00e9"},"content":{"rendered":"<p><img loading=\"lazy\" decoding=\"async\" class=\"alignnone size-medium wp-image-1637\" src=\"https:\/\/larucheindustrielle.fr\/wp-content\/uploads\/2023\/04\/Ateliers-KOLINKIS-miniature-1-300x221.jpg\" alt=\"\" width=\"300\" height=\"221\" \/><\/p>\n<p><strong>D\u00e9veloppez votre assertivit\u00e9 et apprenez \u00e0 poser vos limites de mani\u00e8re claire et respectueuse.<\/strong><\/p>\n<p>\u00c0 travers des jeux de r\u00f4les et des mises en situation dynamiques, cet atelier vous offre des outils pratiques pour affirmer vos besoins sans agressivit\u00e9. Rejoignez-nous pour renforcer votre confiance en vous et votre capacit\u00e9 \u00e0 dire non.<\/p>\n<p><strong>Tarifs :<\/strong><\/p>\n<ul>\n<li>Sans frais pour les salari\u00e9s des entreprises membres de la Ruche industrielle.<\/li>\n<li>5\u20ac, si vous \u00eates un particulier ou salari\u00e9 d\u2019une entreprise non adh\u00e9rente.<\/li>\n<\/ul>\n<p><strong>Informations pratiques :<\/strong><\/p>\n<ul>\n<li><em>Veillez \u00e0 venir en tenue confortable et <strong>chaussures plates et ferm\u00e9es.<\/strong><\/em><\/li>\n<li>Si vous \u00eates en <strong>situation de handicap<\/strong> et n\u00e9cessitez des adaptations pour cet afterwork, contactez notre r\u00e9f\u00e9rent handicap H\u00e9l\u00e8ne Morre sur <a href=\"mailto:h.morre@kolinkis.com\" target=\"_blank\" rel=\"noopener\">h.morre@kolinkis.com<\/a><\/li>\n<\/ul>\n<p>&nbsp;<\/p>\n<p><a href=\"https:\/\/larucheindustrielle.fr\/fr\/acces\/\"><img loading=\"lazy\" decoding=\"async\" class=\"wp-image-8584 aligncenter\" src=\"https:\/\/larucheindustrielle.fr\/wp-content\/uploads\/2025\/03\/Mobilite-douce-visuel.png\" alt=\"\" width=\"614\" height=\"461\" \/><\/a><\/p>\n","protected":false},"excerpt":{"rendered":"<p>D\u00e9veloppez votre assertivit\u00e9 et apprenez \u00e0 poser vos limites de mani\u00e8re claire et respectueuse.<\/p>\n","protected":false},"featured_media":5509,"template":"","meta":{"_acf_changed":false,"_et_pb_use_builder":"","_et_pb_old_content":"","_et_gb_content_width":""},"categories":[13],"tags":[],"class_list":["post-8332","evenement","type-evenement","status-publish","has-post-thumbnail","hentry","category-passe"],"acf":[],"yoast_head":"<!-- This site is optimized with the Yoast SEO plugin v27.4 - https:\/\/yoast.com\/product\/yoast-seo-wordpress\/ -->\n<title>Afterwork : Poser ses limites avec assertivit\u00e9 - La Ruche industrielle<\/title>\n<meta name=\"description\" content=\"D\u00e9veloppez votre assertivit\u00e9 et apprenez \u00e0 poser vos limites de mani\u00e8re claire et respectueuse.\" \/>\n<meta name=\"robots\" content=\"index, follow, max-snippet:-1, max-image-preview:large, max-video-preview:-1\" \/>\n<link rel=\"canonical\" href=\"https:\/\/larucheindustrielle.fr\/fr\/evenement\/poser-ses-limites-avec-assertivite\/\" \/>\n<meta property=\"og:locale\" content=\"fr_FR\" \/>\n<meta property=\"og:type\" content=\"article\" \/>\n<meta property=\"og:title\" content=\"Afterwork : Poser ses limites avec assertivit\u00e9 - La Ruche industrielle\" \/>\n<meta property=\"og:description\" content=\"D\u00e9veloppez votre assertivit\u00e9 et apprenez \u00e0 poser vos limites de mani\u00e8re claire et respectueuse.\" \/>\n<meta property=\"og:url\" content=\"https:\/\/larucheindustrielle.fr\/fr\/evenement\/poser-ses-limites-avec-assertivite\/\" \/>\n<meta property=\"og:site_name\" content=\"La Ruche industrielle\" \/>\n<meta property=\"article:modified_time\" content=\"2025-09-15T15:38:55+00:00\" \/>\n<meta property=\"og:image\" content=\"https:\/\/larucheindustrielle.fr\/wp-content\/uploads\/2024\/01\/2024-kolinkis.jpg\" \/>\n\t<meta property=\"og:image:width\" content=\"1024\" \/>\n\t<meta property=\"og:image:height\" content=\"498\" \/>\n\t<meta property=\"og:image:type\" content=\"image\/jpeg\" \/>\n<meta name=\"twitter:card\" content=\"summary_large_image\" \/>\n<meta name=\"twitter:site\" content=\"@LaRucheIndus\" \/>\n<meta name=\"twitter:label1\" content=\"Dur\u00e9e de lecture estim\u00e9e\" \/>\n\t<meta name=\"twitter:data1\" content=\"2 minutes\" \/>\n<script type=\"application\/ld+json\" class=\"yoast-schema-graph\">{\"@context\":\"https:\\\/\\\/schema.org\",\"@graph\":[{\"@type\":\"WebPage\",\"@id\":\"https:\\\/\\\/larucheindustrielle.fr\\\/fr\\\/evenement\\\/poser-ses-limites-avec-assertivite\\\/\",\"url\":\"https:\\\/\\\/larucheindustrielle.fr\\\/fr\\\/evenement\\\/poser-ses-limites-avec-assertivite\\\/\",\"name\":\"Afterwork : Poser ses limites avec assertivit\u00e9 - La Ruche industrielle\",\"isPartOf\":{\"@id\":\"https:\\\/\\\/larucheindustrielle.fr\\\/fr\\\/#website\"},\"primaryImageOfPage\":{\"@id\":\"https:\\\/\\\/larucheindustrielle.fr\\\/fr\\\/evenement\\\/poser-ses-limites-avec-assertivite\\\/#primaryimage\"},\"image\":{\"@id\":\"https:\\\/\\\/larucheindustrielle.fr\\\/fr\\\/evenement\\\/poser-ses-limites-avec-assertivite\\\/#primaryimage\"},\"thumbnailUrl\":\"https:\\\/\\\/larucheindustrielle.fr\\\/wp-content\\\/uploads\\\/2024\\\/01\\\/2024-kolinkis.jpg\",\"datePublished\":\"2025-05-20T13:30:42+00:00\",\"dateModified\":\"2025-09-15T15:38:55+00:00\",\"description\":\"D\u00e9veloppez votre assertivit\u00e9 et apprenez \u00e0 poser vos limites de mani\u00e8re claire et respectueuse.\",\"inLanguage\":\"fr-FR\",\"potentialAction\":[{\"@type\":\"ReadAction\",\"target\":[\"https:\\\/\\\/larucheindustrielle.fr\\\/fr\\\/evenement\\\/poser-ses-limites-avec-assertivite\\\/\"]}]},{\"@type\":\"ImageObject\",\"inLanguage\":\"fr-FR\",\"@id\":\"https:\\\/\\\/larucheindustrielle.fr\\\/fr\\\/evenement\\\/poser-ses-limites-avec-assertivite\\\/#primaryimage\",\"url\":\"https:\\\/\\\/larucheindustrielle.fr\\\/wp-content\\\/uploads\\\/2024\\\/01\\\/2024-kolinkis.jpg\",\"contentUrl\":\"https:\\\/\\\/larucheindustrielle.fr\\\/wp-content\\\/uploads\\\/2024\\\/01\\\/2024-kolinkis.jpg\",\"width\":1024,\"height\":498},{\"@type\":\"WebSite\",\"@id\":\"https:\\\/\\\/larucheindustrielle.fr\\\/fr\\\/#website\",\"url\":\"https:\\\/\\\/larucheindustrielle.fr\\\/fr\\\/\",\"name\":\"La Ruche industrielle\",\"description\":\"Ici, on construit ensemble l&#039;industrie du futur !\",\"publisher\":{\"@id\":\"https:\\\/\\\/larucheindustrielle.fr\\\/fr\\\/#organization\"},\"potentialAction\":[{\"@type\":\"SearchAction\",\"target\":{\"@type\":\"EntryPoint\",\"urlTemplate\":\"https:\\\/\\\/larucheindustrielle.fr\\\/fr\\\/?s={search_term_string}\"},\"query-input\":{\"@type\":\"PropertyValueSpecification\",\"valueRequired\":true,\"valueName\":\"search_term_string\"}}],\"inLanguage\":\"fr-FR\"},{\"@type\":\"Organization\",\"@id\":\"https:\\\/\\\/larucheindustrielle.fr\\\/fr\\\/#organization\",\"name\":\"La Ruche industrielle\",\"url\":\"https:\\\/\\\/larucheindustrielle.fr\\\/fr\\\/\",\"logo\":{\"@type\":\"ImageObject\",\"inLanguage\":\"fr-FR\",\"@id\":\"https:\\\/\\\/larucheindustrielle.fr\\\/fr\\\/#\\\/schema\\\/logo\\\/image\\\/\",\"url\":\"https:\\\/\\\/larucheindustrielle.fr\\\/wp-content\\\/uploads\\\/2023\\\/06\\\/Home-page-Logo-la-ruche-en-bois.jpg\",\"contentUrl\":\"https:\\\/\\\/larucheindustrielle.fr\\\/wp-content\\\/uploads\\\/2023\\\/06\\\/Home-page-Logo-la-ruche-en-bois.jpg\",\"width\":1280,\"height\":853,\"caption\":\"La Ruche industrielle\"},\"image\":{\"@id\":\"https:\\\/\\\/larucheindustrielle.fr\\\/fr\\\/#\\\/schema\\\/logo\\\/image\\\/\"},\"sameAs\":[\"https:\\\/\\\/x.com\\\/LaRucheIndus\",\"https:\\\/\\\/fr.linkedin.com\\\/company\\\/la-ruche-industrielle\",\"https:\\\/\\\/www.youtube.com\\\/@larucheindustrielle932\",\"https:\\\/\\\/www.instagram.com\\\/larucheindustrielle\\\/\"]}]}<\/script>\n<!-- \/ Yoast SEO plugin. -->","yoast_head_json":{"title":"Afterwork : Poser ses limites avec assertivit\u00e9 - La Ruche industrielle","description":"D\u00e9veloppez votre assertivit\u00e9 et apprenez \u00e0 poser vos limites de mani\u00e8re claire et respectueuse.","robots":{"index":"index","follow":"follow","max-snippet":"max-snippet:-1","max-image-preview":"max-image-preview:large","max-video-preview":"max-video-preview:-1"},"canonical":"https:\/\/larucheindustrielle.fr\/fr\/evenement\/poser-ses-limites-avec-assertivite\/","og_locale":"fr_FR","og_type":"article","og_title":"Afterwork : Poser ses limites avec assertivit\u00e9 - La Ruche industrielle","og_description":"D\u00e9veloppez votre assertivit\u00e9 et apprenez \u00e0 poser vos limites de mani\u00e8re claire et respectueuse.","og_url":"https:\/\/larucheindustrielle.fr\/fr\/evenement\/poser-ses-limites-avec-assertivite\/","og_site_name":"La Ruche industrielle","article_modified_time":"2025-09-15T15:38:55+00:00","og_image":[{"width":1024,"height":498,"url":"https:\/\/larucheindustrielle.fr\/wp-content\/uploads\/2024\/01\/2024-kolinkis.jpg","type":"image\/jpeg"}],"twitter_card":"summary_large_image","twitter_site":"@LaRucheIndus","twitter_misc":{"Dur\u00e9e de lecture estim\u00e9e":"2 minutes"},"schema":{"@context":"https:\/\/schema.org","@graph":[{"@type":"WebPage","@id":"https:\/\/larucheindustrielle.fr\/fr\/evenement\/poser-ses-limites-avec-assertivite\/","url":"https:\/\/larucheindustrielle.fr\/fr\/evenement\/poser-ses-limites-avec-assertivite\/","name":"Afterwork : Poser ses limites avec assertivit\u00e9 - La Ruche industrielle","isPartOf":{"@id":"https:\/\/larucheindustrielle.fr\/fr\/#website"},"primaryImageOfPage":{"@id":"https:\/\/larucheindustrielle.fr\/fr\/evenement\/poser-ses-limites-avec-assertivite\/#primaryimage"},"image":{"@id":"https:\/\/larucheindustrielle.fr\/fr\/evenement\/poser-ses-limites-avec-assertivite\/#primaryimage"},"thumbnailUrl":"https:\/\/larucheindustrielle.fr\/wp-content\/uploads\/2024\/01\/2024-kolinkis.jpg","datePublished":"2025-05-20T13:30:42+00:00","dateModified":"2025-09-15T15:38:55+00:00","description":"D\u00e9veloppez votre assertivit\u00e9 et apprenez \u00e0 poser vos limites de mani\u00e8re claire et respectueuse.","inLanguage":"fr-FR","potentialAction":[{"@type":"ReadAction","target":["https:\/\/larucheindustrielle.fr\/fr\/evenement\/poser-ses-limites-avec-assertivite\/"]}]},{"@type":"ImageObject","inLanguage":"fr-FR","@id":"https:\/\/larucheindustrielle.fr\/fr\/evenement\/poser-ses-limites-avec-assertivite\/#primaryimage","url":"https:\/\/larucheindustrielle.fr\/wp-content\/uploads\/2024\/01\/2024-kolinkis.jpg","contentUrl":"https:\/\/larucheindustrielle.fr\/wp-content\/uploads\/2024\/01\/2024-kolinkis.jpg","width":1024,"height":498},{"@type":"WebSite","@id":"https:\/\/larucheindustrielle.fr\/fr\/#website","url":"https:\/\/larucheindustrielle.fr\/fr\/","name":"La Ruche industrielle","description":"Ici, on construit ensemble l&#039;industrie du futur !","publisher":{"@id":"https:\/\/larucheindustrielle.fr\/fr\/#organization"},"potentialAction":[{"@type":"SearchAction","target":{"@type":"EntryPoint","urlTemplate":"https:\/\/larucheindustrielle.fr\/fr\/?s={search_term_string}"},"query-input":{"@type":"PropertyValueSpecification","valueRequired":true,"valueName":"search_term_string"}}],"inLanguage":"fr-FR"},{"@type":"Organization","@id":"https:\/\/larucheindustrielle.fr\/fr\/#organization","name":"La Ruche industrielle","url":"https:\/\/larucheindustrielle.fr\/fr\/","logo":{"@type":"ImageObject","inLanguage":"fr-FR","@id":"https:\/\/larucheindustrielle.fr\/fr\/#\/schema\/logo\/image\/","url":"https:\/\/larucheindustrielle.fr\/wp-content\/uploads\/2023\/06\/Home-page-Logo-la-ruche-en-bois.jpg","contentUrl":"https:\/\/larucheindustrielle.fr\/wp-content\/uploads\/2023\/06\/Home-page-Logo-la-ruche-en-bois.jpg","width":1280,"height":853,"caption":"La Ruche industrielle"},"image":{"@id":"https:\/\/larucheindustrielle.fr\/fr\/#\/schema\/logo\/image\/"},"sameAs":["https:\/\/x.com\/LaRucheIndus","https:\/\/fr.linkedin.com\/company\/la-ruche-industrielle","https:\/\/www.youtube.com\/@larucheindustrielle932","https:\/\/www.instagram.com\/larucheindustrielle\/"]}]}},"publishpress_future_action":{"enabled":false,"date":"2026-05-04 11:19:22","action":"category","newStatus":"draft","terms":[13],"taxonomy":"category","extraData":[]},"publishpress_future_workflow_manual_trigger":{"enabledWorkflows":[]},"_links":{"self":[{"href":"https:\/\/larucheindustrielle.fr\/fr\/wp-json\/wp\/v2\/evenement\/8332","targetHints":{"allow":["GET"]}}],"collection":[{"href":"https:\/\/larucheindustrielle.fr\/fr\/wp-json\/wp\/v2\/evenement"}],"about":[{"href":"https:\/\/larucheindustrielle.fr\/fr\/wp-json\/wp\/v2\/types\/evenement"}],"wp:featuredmedia":[{"embeddable":true,"href":"https:\/\/larucheindustrielle.fr\/fr\/wp-json\/wp\/v2\/media\/5509"}],"wp:attachment":[{"href":"https:\/\/larucheindustrielle.fr\/fr\/wp-json\/wp\/v2\/media?parent=8332"}],"wp:term":[{"taxonomy":"category","embeddable":true,"href":"https:\/\/larucheindustrielle.fr\/fr\/wp-json\/wp\/v2\/categories?post=8332"},{"taxonomy":"post_tag","embeddable":true,"href":"https:\/\/larucheindustrielle.fr\/fr\/wp-json\/wp\/v2\/tags?post=8332"}],"curies":[{"name":"wp","href":"https:\/\/api.w.org\/{rel}","templated":true}]}}

Afterwork : Poser ses limites avec assertivité

<p><img loading="lazy" decoding="async" class="alignnone size-medium wp-image-1637" src="https://larucheindustrielle.fr/wp-content/uploads/2023/04/Ateliers-KOLINKIS-miniature-1-300x221.jpg" alt="" width="300" height="221" /></p>
<p><strong>Développez votre assertivité et apprenez à poser vos limites de manière claire et respectueuse.</strong></p>
<p>À travers des jeux de rôles et des mises en situation dynamiques, cet atelier vous offre des outils pratiques pour affirmer vos besoins sans agressivité. Rejoignez-nous pour renforcer votre confiance en vous et votre capacité à dire non.</p>
<p><strong>Tarifs :</strong></p>
<ul>
<li>Sans frais pour les salariés des entreprises membres de la Ruche industrielle.</li>
<li>5€, si vous êtes un particulier ou salarié d’une entreprise non adhérente.</li>
</ul>
<p><strong>Informations pratiques :</strong></p>
<ul>
<li><em>Veillez à venir en tenue confortable et <strong>chaussures plates et fermées.</strong></em></li>
<li>Si vous êtes en <strong>situation de handicap</strong> et nécessitez des adaptations pour cet afterwork, contactez notre référent handicap Hélène Morre sur <a href="mailto:h.morre@kolinkis.com" target="_blank" rel="noopener">h.morre@kolinkis.com</a></li>
</ul>
<p>&nbsp;</p>
<p><a href="https://larucheindustrielle.fr/fr/acces/"><img loading="lazy" decoding="async" class="wp-image-8584 aligncenter" src="https://larucheindustrielle.fr/wp-content/uploads/2025/03/Mobilite-douce-visuel.png" alt="" width="614" height="461" /></a></p>

<p>Développez votre assertivité et apprenez à poser vos limites de manière claire et respectueuse.</p>

<!-- This site is optimized with the Yoast SEO plugin v27.4 - https://yoast.com/product/yoast-seo-wordpress/ -->
<title>Afterwork : Poser ses limites avec assertivité - La Ruche industrielle</title>
<meta name="description" content="Développez votre assertivité et apprenez à poser vos limites de manière claire et respectueuse." />
<meta name="robots" content="index, follow, max-snippet:-1, max-image-preview:large, max-video-preview:-1" />
<link rel="canonical" href="https://larucheindustrielle.fr/fr/evenement/poser-ses-limites-avec-assertivite/" />
<meta property="og:locale" content="fr_FR" />
<meta property="og:type" content="article" />
<meta property="og:title" content="Afterwork : Poser ses limites avec assertivité - La Ruche industrielle" />
<meta property="og:description" content="Développez votre assertivité et apprenez à poser vos limites de manière claire et respectueuse." />
<meta property="og:url" content="https://larucheindustrielle.fr/fr/evenement/poser-ses-limites-avec-assertivite/" />
<meta property="og:site_name" content="La Ruche industrielle" />
<meta property="article:modified_time" content="2025-09-15T15:38:55+00:00" />
<meta property="og:image" content="https://larucheindustrielle.fr/wp-content/uploads/2024/01/2024-kolinkis.jpg" />
	<meta property="og:image:width" content="1024" />
	<meta property="og:image:height" content="498" />
	<meta property="og:image:type" content="image/jpeg" />
<meta name="twitter:card" content="summary_large_image" />
<meta name="twitter:site" content="@LaRucheIndus" />
<meta name="twitter:label1" content="Durée de lecture estimée" />
	<meta name="twitter:data1" content="2 minutes" />
<script type="application/ld+json" class="yoast-schema-graph">{"@context":"https:\/\/schema.org","@graph":[{"@type":"WebPage","@id":"https:\/\/larucheindustrielle.fr\/fr\/evenement\/poser-ses-limites-avec-assertivite\/","url":"https:\/\/larucheindustrielle.fr\/fr\/evenement\/poser-ses-limites-avec-assertivite\/","name":"Afterwork : Poser ses limites avec assertivité - La Ruche industrielle","isPartOf":{"@id":"https:\/\/larucheindustrielle.fr\/fr\/#website"},"primaryImageOfPage":{"@id":"https:\/\/larucheindustrielle.fr\/fr\/evenement\/poser-ses-limites-avec-assertivite\/#primaryimage"},"image":{"@id":"https:\/\/larucheindustrielle.fr\/fr\/evenement\/poser-ses-limites-avec-assertivite\/#primaryimage"},"thumbnailUrl":"https:\/\/larucheindustrielle.fr\/wp-content\/uploads\/2024\/01\/2024-kolinkis.jpg","datePublished":"2025-05-20T13:30:42+00:00","dateModified":"2025-09-15T15:38:55+00:00","description":"Développez votre assertivité et apprenez à poser vos limites de manière claire et respectueuse.","inLanguage":"fr-FR","potentialAction":[{"@type":"ReadAction","target":["https:\/\/larucheindustrielle.fr\/fr\/evenement\/poser-ses-limites-avec-assertivite\/"]}]},{"@type":"ImageObject","inLanguage":"fr-FR","@id":"https:\/\/larucheindustrielle.fr\/fr\/evenement\/poser-ses-limites-avec-assertivite\/#primaryimage","url":"https:\/\/larucheindustrielle.fr\/wp-content\/uploads\/2024\/01\/2024-kolinkis.jpg","contentUrl":"https:\/\/larucheindustrielle.fr\/wp-content\/uploads\/2024\/01\/2024-kolinkis.jpg","width":1024,"height":498},{"@type":"WebSite","@id":"https:\/\/larucheindustrielle.fr\/fr\/#website","url":"https:\/\/larucheindustrielle.fr\/fr\/","name":"La Ruche industrielle","description":"Ici, on construit ensemble l&#039;industrie du futur !","publisher":{"@id":"https:\/\/larucheindustrielle.fr\/fr\/#organization"},"potentialAction":[{"@type":"SearchAction","target":{"@type":"EntryPoint","urlTemplate":"https:\/\/larucheindustrielle.fr\/fr\/?s={search_term_string}"},"query-input":{"@type":"PropertyValueSpecification","valueRequired":true,"valueName":"search_term_string"}}],"inLanguage":"fr-FR"},{"@type":"Organization","@id":"https:\/\/larucheindustrielle.fr\/fr\/#organization","name":"La Ruche industrielle","url":"https:\/\/larucheindustrielle.fr\/fr\/","logo":{"@type":"ImageObject","inLanguage":"fr-FR","@id":"https:\/\/larucheindustrielle.fr\/fr\/#\/schema\/logo\/image\/","url":"https:\/\/larucheindustrielle.fr\/wp-content\/uploads\/2023\/06\/Home-page-Logo-la-ruche-en-bois.jpg","contentUrl":"https:\/\/larucheindustrielle.fr\/wp-content\/uploads\/2023\/06\/Home-page-Logo-la-ruche-en-bois.jpg","width":1280,"height":853,"caption":"La Ruche industrielle"},"image":{"@id":"https:\/\/larucheindustrielle.fr\/fr\/#\/schema\/logo\/image\/"},"sameAs":["https:\/\/x.com\/LaRucheIndus","https:\/\/fr.linkedin.com\/company\/la-ruche-industrielle","https:\/\/www.youtube.com\/@larucheindustrielle932","https:\/\/www.instagram.com\/larucheindustrielle\/"]}]}</script>
<!-- / Yoast SEO plugin. -->

Afterwork : Poser ses limites avec assertivité - La Ruche industrielle

Développez votre assertivité et apprenez à poser vos limites de manière claire et respectueuse.
