{"id":8409,"date":"2025-05-21T11:51:32","date_gmt":"2025-05-21T09:51:32","guid":{"rendered":"https:\/\/larucheindustrielle.fr\/fr\/?post_type=evenement&#038;p=8409"},"modified":"2025-09-15T17:45:55","modified_gmt":"2025-09-15T15:45:55","slug":"formation-gerer-les-la-ruche-industrielle-conflits","status":"publish","type":"evenement","link":"https:\/\/larucheindustrielle.fr\/fr\/evenement\/formation-gerer-les-la-ruche-industrielle-conflits\/","title":{"rendered":"Formation G\u00e9rer les conflits"},"content":{"rendered":"<p><img loading=\"lazy\" decoding=\"async\" class=\"alignnone wp-image-8410 \" src=\"https:\/\/larucheindustrielle.fr\/wp-content\/uploads\/2025\/05\/2026-Visuel-formation-conflits-la-Ruche-1024x1024.png\" alt=\"\" width=\"394\" height=\"394\" \/><\/p>\n<p><strong>Cette formation offre une approche dynamique et immersive pour d\u00e9velopper des comp\u00e9tences essentielles en r\u00e9solution de conflits.<\/strong><\/p>\n<p>En utilisant des techniques th\u00e9\u00e2trales, les participants apprendront \u00e0 mieux comprendre les \u00e9motions, \u00e0 communiquer de mani\u00e8re efficace et \u00e0 trouver des solutions cr\u00e9atives aux diff\u00e9rends. Cette formation engageante permettra aux individus de renforcer leurs capacit\u00e9s de m\u00e9diation et de cr\u00e9er un environnement de travail harmonieux.<\/p>\n<p>\u2705Pour assurer un ancrage des comp\u00e9tences dans la dur\u00e9e, les 2 journ\u00e9es de formations en pr\u00e9sentiel sont suivies d&rsquo;un module \u00ab\u00a0suivi d&rsquo;actions\u00a0\u00bb en distanciel, apr\u00e8s 4 \u00e0 6 semaines d&rsquo;intersession.<\/p>\n<p>\ud83d\udcb0Pour les formation inter entreprise \u00e0 la Ruche Industrielle, -20% pour les salari\u00e9s d&rsquo;entreprises membres de La Ruche.<\/p>\n<p>&nbsp;<\/p>\n<h4 class=\"program__first-detail\" style=\"text-align: center;\"><a href=\"https:\/\/catalogue-kolinkis.dendreo.com\/formation\/68\/gerer-les-conflits\" target=\"_blank\" rel=\"noopener\">Pour en savoir plus (objectifs de la formation, contenu&#8230;)<\/a><\/h4>\n<div><\/div>\n<div><\/div>\n<div><\/div>\n<div><\/div>\n<div><a href=\"https:\/\/larucheindustrielle.fr\/fr\/acces\/\"><img loading=\"lazy\" decoding=\"async\" class=\"wp-image-8584 aligncenter\" src=\"https:\/\/larucheindustrielle.fr\/wp-content\/uploads\/2025\/03\/Mobilite-douce-visuel.png\" alt=\"\" width=\"593\" height=\"445\" \/><\/a><\/div>\n","protected":false},"excerpt":{"rendered":"<p>Cette formation offre une approche dynamique et immersive pour d\u00e9velopper des comp\u00e9tences essentielles en r\u00e9solution de conflits. En utilisant des techniques th\u00e9\u00e2trales, les participants apprendront \u00e0 mieux comprendre les \u00e9motions, \u00e0 communiquer de mani\u00e8re efficace et \u00e0 trouver des solutions cr\u00e9atives aux diff\u00e9rends. <\/p>\n","protected":false},"featured_media":8410,"template":"","meta":{"_acf_changed":false,"_et_pb_use_builder":"","_et_pb_old_content":"","_et_gb_content_width":""},"categories":[13],"tags":[],"class_list":["post-8409","evenement","type-evenement","status-publish","has-post-thumbnail","hentry","category-passe"],"acf":[],"yoast_head":"<!-- This site is optimized with the Yoast SEO plugin v27.4 - https:\/\/yoast.com\/product\/yoast-seo-wordpress\/ -->\n<title>Formation G\u00e9rer les conflits - La Ruche industrielle<\/title>\n<meta name=\"description\" content=\"Cette formation offre une mise en pratique, appliqu\u00e9e \u00e0 des cas concrets issus du contexte professionnel des apprenants.\" \/>\n<meta name=\"robots\" content=\"index, follow, max-snippet:-1, max-image-preview:large, max-video-preview:-1\" \/>\n<link rel=\"canonical\" href=\"https:\/\/larucheindustrielle.fr\/fr\/evenement\/formation-gerer-les-la-ruche-industrielle-conflits\/\" \/>\n<meta property=\"og:locale\" content=\"fr_FR\" \/>\n<meta property=\"og:type\" content=\"article\" \/>\n<meta property=\"og:title\" content=\"Formation G\u00e9rer les conflits - La Ruche industrielle\" \/>\n<meta property=\"og:description\" content=\"Cette formation offre une mise en pratique, appliqu\u00e9e \u00e0 des cas concrets issus du contexte professionnel des apprenants.\" \/>\n<meta property=\"og:url\" content=\"https:\/\/larucheindustrielle.fr\/fr\/evenement\/formation-gerer-les-la-ruche-industrielle-conflits\/\" \/>\n<meta property=\"og:site_name\" content=\"La Ruche industrielle\" \/>\n<meta property=\"article:modified_time\" content=\"2025-09-15T15:45:55+00:00\" \/>\n<meta property=\"og:image\" content=\"https:\/\/larucheindustrielle.fr\/wp-content\/uploads\/2025\/05\/2026-Visuel-formation-conflits-la-Ruche.png\" \/>\n\t<meta property=\"og:image:width\" content=\"1200\" \/>\n\t<meta property=\"og:image:height\" content=\"1200\" \/>\n\t<meta property=\"og:image:type\" content=\"image\/png\" \/>\n<meta name=\"twitter:card\" content=\"summary_large_image\" \/>\n<meta name=\"twitter:site\" content=\"@LaRucheIndus\" \/>\n<meta name=\"twitter:label1\" content=\"Dur\u00e9e de lecture estim\u00e9e\" \/>\n\t<meta name=\"twitter:data1\" content=\"2 minutes\" \/>\n<script type=\"application\/ld+json\" class=\"yoast-schema-graph\">{\"@context\":\"https:\\\/\\\/schema.org\",\"@graph\":[{\"@type\":\"WebPage\",\"@id\":\"https:\\\/\\\/larucheindustrielle.fr\\\/fr\\\/evenement\\\/formation-gerer-les-la-ruche-industrielle-conflits\\\/\",\"url\":\"https:\\\/\\\/larucheindustrielle.fr\\\/fr\\\/evenement\\\/formation-gerer-les-la-ruche-industrielle-conflits\\\/\",\"name\":\"Formation G\u00e9rer les conflits - La Ruche industrielle\",\"isPartOf\":{\"@id\":\"https:\\\/\\\/larucheindustrielle.fr\\\/fr\\\/#website\"},\"primaryImageOfPage\":{\"@id\":\"https:\\\/\\\/larucheindustrielle.fr\\\/fr\\\/evenement\\\/formation-gerer-les-la-ruche-industrielle-conflits\\\/#primaryimage\"},\"image\":{\"@id\":\"https:\\\/\\\/larucheindustrielle.fr\\\/fr\\\/evenement\\\/formation-gerer-les-la-ruche-industrielle-conflits\\\/#primaryimage\"},\"thumbnailUrl\":\"https:\\\/\\\/larucheindustrielle.fr\\\/wp-content\\\/uploads\\\/2025\\\/05\\\/2026-Visuel-formation-conflits-la-Ruche.png\",\"datePublished\":\"2025-05-21T09:51:32+00:00\",\"dateModified\":\"2025-09-15T15:45:55+00:00\",\"description\":\"Cette formation offre une mise en pratique, appliqu\u00e9e \u00e0 des cas concrets issus du contexte professionnel des apprenants.\",\"inLanguage\":\"fr-FR\",\"potentialAction\":[{\"@type\":\"ReadAction\",\"target\":[\"https:\\\/\\\/larucheindustrielle.fr\\\/fr\\\/evenement\\\/formation-gerer-les-la-ruche-industrielle-conflits\\\/\"]}]},{\"@type\":\"ImageObject\",\"inLanguage\":\"fr-FR\",\"@id\":\"https:\\\/\\\/larucheindustrielle.fr\\\/fr\\\/evenement\\\/formation-gerer-les-la-ruche-industrielle-conflits\\\/#primaryimage\",\"url\":\"https:\\\/\\\/larucheindustrielle.fr\\\/wp-content\\\/uploads\\\/2025\\\/05\\\/2026-Visuel-formation-conflits-la-Ruche.png\",\"contentUrl\":\"https:\\\/\\\/larucheindustrielle.fr\\\/wp-content\\\/uploads\\\/2025\\\/05\\\/2026-Visuel-formation-conflits-la-Ruche.png\",\"width\":1200,\"height\":1200},{\"@type\":\"WebSite\",\"@id\":\"https:\\\/\\\/larucheindustrielle.fr\\\/fr\\\/#website\",\"url\":\"https:\\\/\\\/larucheindustrielle.fr\\\/fr\\\/\",\"name\":\"La Ruche industrielle\",\"description\":\"Ici, on construit ensemble l&#039;industrie du futur !\",\"publisher\":{\"@id\":\"https:\\\/\\\/larucheindustrielle.fr\\\/fr\\\/#organization\"},\"potentialAction\":[{\"@type\":\"SearchAction\",\"target\":{\"@type\":\"EntryPoint\",\"urlTemplate\":\"https:\\\/\\\/larucheindustrielle.fr\\\/fr\\\/?s={search_term_string}\"},\"query-input\":{\"@type\":\"PropertyValueSpecification\",\"valueRequired\":true,\"valueName\":\"search_term_string\"}}],\"inLanguage\":\"fr-FR\"},{\"@type\":\"Organization\",\"@id\":\"https:\\\/\\\/larucheindustrielle.fr\\\/fr\\\/#organization\",\"name\":\"La Ruche industrielle\",\"url\":\"https:\\\/\\\/larucheindustrielle.fr\\\/fr\\\/\",\"logo\":{\"@type\":\"ImageObject\",\"inLanguage\":\"fr-FR\",\"@id\":\"https:\\\/\\\/larucheindustrielle.fr\\\/fr\\\/#\\\/schema\\\/logo\\\/image\\\/\",\"url\":\"https:\\\/\\\/larucheindustrielle.fr\\\/wp-content\\\/uploads\\\/2023\\\/06\\\/Home-page-Logo-la-ruche-en-bois.jpg\",\"contentUrl\":\"https:\\\/\\\/larucheindustrielle.fr\\\/wp-content\\\/uploads\\\/2023\\\/06\\\/Home-page-Logo-la-ruche-en-bois.jpg\",\"width\":1280,\"height\":853,\"caption\":\"La Ruche industrielle\"},\"image\":{\"@id\":\"https:\\\/\\\/larucheindustrielle.fr\\\/fr\\\/#\\\/schema\\\/logo\\\/image\\\/\"},\"sameAs\":[\"https:\\\/\\\/x.com\\\/LaRucheIndus\",\"https:\\\/\\\/fr.linkedin.com\\\/company\\\/la-ruche-industrielle\",\"https:\\\/\\\/www.youtube.com\\\/@larucheindustrielle932\",\"https:\\\/\\\/www.instagram.com\\\/larucheindustrielle\\\/\"]}]}<\/script>\n<!-- \/ Yoast SEO plugin. -->","yoast_head_json":{"title":"Formation G\u00e9rer les conflits - La Ruche industrielle","description":"Cette formation offre une mise en pratique, appliqu\u00e9e \u00e0 des cas concrets issus du contexte professionnel des apprenants.","robots":{"index":"index","follow":"follow","max-snippet":"max-snippet:-1","max-image-preview":"max-image-preview:large","max-video-preview":"max-video-preview:-1"},"canonical":"https:\/\/larucheindustrielle.fr\/fr\/evenement\/formation-gerer-les-la-ruche-industrielle-conflits\/","og_locale":"fr_FR","og_type":"article","og_title":"Formation G\u00e9rer les conflits - La Ruche industrielle","og_description":"Cette formation offre une mise en pratique, appliqu\u00e9e \u00e0 des cas concrets issus du contexte professionnel des apprenants.","og_url":"https:\/\/larucheindustrielle.fr\/fr\/evenement\/formation-gerer-les-la-ruche-industrielle-conflits\/","og_site_name":"La Ruche industrielle","article_modified_time":"2025-09-15T15:45:55+00:00","og_image":[{"width":1200,"height":1200,"url":"https:\/\/larucheindustrielle.fr\/wp-content\/uploads\/2025\/05\/2026-Visuel-formation-conflits-la-Ruche.png","type":"image\/png"}],"twitter_card":"summary_large_image","twitter_site":"@LaRucheIndus","twitter_misc":{"Dur\u00e9e de lecture estim\u00e9e":"2 minutes"},"schema":{"@context":"https:\/\/schema.org","@graph":[{"@type":"WebPage","@id":"https:\/\/larucheindustrielle.fr\/fr\/evenement\/formation-gerer-les-la-ruche-industrielle-conflits\/","url":"https:\/\/larucheindustrielle.fr\/fr\/evenement\/formation-gerer-les-la-ruche-industrielle-conflits\/","name":"Formation G\u00e9rer les conflits - La Ruche industrielle","isPartOf":{"@id":"https:\/\/larucheindustrielle.fr\/fr\/#website"},"primaryImageOfPage":{"@id":"https:\/\/larucheindustrielle.fr\/fr\/evenement\/formation-gerer-les-la-ruche-industrielle-conflits\/#primaryimage"},"image":{"@id":"https:\/\/larucheindustrielle.fr\/fr\/evenement\/formation-gerer-les-la-ruche-industrielle-conflits\/#primaryimage"},"thumbnailUrl":"https:\/\/larucheindustrielle.fr\/wp-content\/uploads\/2025\/05\/2026-Visuel-formation-conflits-la-Ruche.png","datePublished":"2025-05-21T09:51:32+00:00","dateModified":"2025-09-15T15:45:55+00:00","description":"Cette formation offre une mise en pratique, appliqu\u00e9e \u00e0 des cas concrets issus du contexte professionnel des apprenants.","inLanguage":"fr-FR","potentialAction":[{"@type":"ReadAction","target":["https:\/\/larucheindustrielle.fr\/fr\/evenement\/formation-gerer-les-la-ruche-industrielle-conflits\/"]}]},{"@type":"ImageObject","inLanguage":"fr-FR","@id":"https:\/\/larucheindustrielle.fr\/fr\/evenement\/formation-gerer-les-la-ruche-industrielle-conflits\/#primaryimage","url":"https:\/\/larucheindustrielle.fr\/wp-content\/uploads\/2025\/05\/2026-Visuel-formation-conflits-la-Ruche.png","contentUrl":"https:\/\/larucheindustrielle.fr\/wp-content\/uploads\/2025\/05\/2026-Visuel-formation-conflits-la-Ruche.png","width":1200,"height":1200},{"@type":"WebSite","@id":"https:\/\/larucheindustrielle.fr\/fr\/#website","url":"https:\/\/larucheindustrielle.fr\/fr\/","name":"La Ruche industrielle","description":"Ici, on construit ensemble l&#039;industrie du futur !","publisher":{"@id":"https:\/\/larucheindustrielle.fr\/fr\/#organization"},"potentialAction":[{"@type":"SearchAction","target":{"@type":"EntryPoint","urlTemplate":"https:\/\/larucheindustrielle.fr\/fr\/?s={search_term_string}"},"query-input":{"@type":"PropertyValueSpecification","valueRequired":true,"valueName":"search_term_string"}}],"inLanguage":"fr-FR"},{"@type":"Organization","@id":"https:\/\/larucheindustrielle.fr\/fr\/#organization","name":"La Ruche industrielle","url":"https:\/\/larucheindustrielle.fr\/fr\/","logo":{"@type":"ImageObject","inLanguage":"fr-FR","@id":"https:\/\/larucheindustrielle.fr\/fr\/#\/schema\/logo\/image\/","url":"https:\/\/larucheindustrielle.fr\/wp-content\/uploads\/2023\/06\/Home-page-Logo-la-ruche-en-bois.jpg","contentUrl":"https:\/\/larucheindustrielle.fr\/wp-content\/uploads\/2023\/06\/Home-page-Logo-la-ruche-en-bois.jpg","width":1280,"height":853,"caption":"La Ruche industrielle"},"image":{"@id":"https:\/\/larucheindustrielle.fr\/fr\/#\/schema\/logo\/image\/"},"sameAs":["https:\/\/x.com\/LaRucheIndus","https:\/\/fr.linkedin.com\/company\/la-ruche-industrielle","https:\/\/www.youtube.com\/@larucheindustrielle932","https:\/\/www.instagram.com\/larucheindustrielle\/"]}]}},"publishpress_future_action":{"enabled":false,"date":"2026-05-04 09:56:58","action":"category","newStatus":"draft","terms":[13],"taxonomy":"category","extraData":[]},"publishpress_future_workflow_manual_trigger":{"enabledWorkflows":[]},"_links":{"self":[{"href":"https:\/\/larucheindustrielle.fr\/fr\/wp-json\/wp\/v2\/evenement\/8409","targetHints":{"allow":["GET"]}}],"collection":[{"href":"https:\/\/larucheindustrielle.fr\/fr\/wp-json\/wp\/v2\/evenement"}],"about":[{"href":"https:\/\/larucheindustrielle.fr\/fr\/wp-json\/wp\/v2\/types\/evenement"}],"wp:featuredmedia":[{"embeddable":true,"href":"https:\/\/larucheindustrielle.fr\/fr\/wp-json\/wp\/v2\/media\/8410"}],"wp:attachment":[{"href":"https:\/\/larucheindustrielle.fr\/fr\/wp-json\/wp\/v2\/media?parent=8409"}],"wp:term":[{"taxonomy":"category","embeddable":true,"href":"https:\/\/larucheindustrielle.fr\/fr\/wp-json\/wp\/v2\/categories?post=8409"},{"taxonomy":"post_tag","embeddable":true,"href":"https:\/\/larucheindustrielle.fr\/fr\/wp-json\/wp\/v2\/tags?post=8409"}],"curies":[{"name":"wp","href":"https:\/\/api.w.org\/{rel}","templated":true}]}}

Formation Gérer les conflits

<p><img loading="lazy" decoding="async" class="alignnone wp-image-8410 " src="https://larucheindustrielle.fr/wp-content/uploads/2025/05/2026-Visuel-formation-conflits-la-Ruche-1024x1024.png" alt="" width="394" height="394" /></p>
<p><strong>Cette formation offre une approche dynamique et immersive pour développer des compétences essentielles en résolution de conflits.</strong></p>
<p>En utilisant des techniques théâtrales, les participants apprendront à mieux comprendre les émotions, à communiquer de manière efficace et à trouver des solutions créatives aux différends. Cette formation engageante permettra aux individus de renforcer leurs capacités de médiation et de créer un environnement de travail harmonieux.</p>
<p>✅Pour assurer un ancrage des compétences dans la durée, les 2 journées de formations en présentiel sont suivies d&rsquo;un module « suivi d&rsquo;actions » en distanciel, après 4 à 6 semaines d&rsquo;intersession.</p>
<p>💰Pour les formation inter entreprise à la Ruche Industrielle, -20% pour les salariés d&rsquo;entreprises membres de La Ruche.</p>
<p>&nbsp;</p>
<h4 class="program__first-detail" style="text-align: center;"><a href="https://catalogue-kolinkis.dendreo.com/formation/68/gerer-les-conflits" target="_blank" rel="noopener">Pour en savoir plus (objectifs de la formation, contenu&#8230;)</a></h4>
<div></div>
<div></div>
<div></div>
<div></div>
<div><a href="https://larucheindustrielle.fr/fr/acces/"><img loading="lazy" decoding="async" class="wp-image-8584 aligncenter" src="https://larucheindustrielle.fr/wp-content/uploads/2025/03/Mobilite-douce-visuel.png" alt="" width="593" height="445" /></a></div>

<p>Cette formation offre une approche dynamique et immersive pour développer des compétences essentielles en résolution de conflits. En utilisant des techniques théâtrales, les participants apprendront à mieux comprendre les émotions, à communiquer de manière efficace et à trouver des solutions créatives aux différends. </p>

<!-- This site is optimized with the Yoast SEO plugin v27.4 - https://yoast.com/product/yoast-seo-wordpress/ -->
<title>Formation Gérer les conflits - La Ruche industrielle</title>
<meta name="description" content="Cette formation offre une mise en pratique, appliquée à des cas concrets issus du contexte professionnel des apprenants." />
<meta name="robots" content="index, follow, max-snippet:-1, max-image-preview:large, max-video-preview:-1" />
<link rel="canonical" href="https://larucheindustrielle.fr/fr/evenement/formation-gerer-les-la-ruche-industrielle-conflits/" />
<meta property="og:locale" content="fr_FR" />
<meta property="og:type" content="article" />
<meta property="og:title" content="Formation Gérer les conflits - La Ruche industrielle" />
<meta property="og:description" content="Cette formation offre une mise en pratique, appliquée à des cas concrets issus du contexte professionnel des apprenants." />
<meta property="og:url" content="https://larucheindustrielle.fr/fr/evenement/formation-gerer-les-la-ruche-industrielle-conflits/" />
<meta property="og:site_name" content="La Ruche industrielle" />
<meta property="article:modified_time" content="2025-09-15T15:45:55+00:00" />
<meta property="og:image" content="https://larucheindustrielle.fr/wp-content/uploads/2025/05/2026-Visuel-formation-conflits-la-Ruche.png" />
	<meta property="og:image:width" content="1200" />
	<meta property="og:image:height" content="1200" />
	<meta property="og:image:type" content="image/png" />
<meta name="twitter:card" content="summary_large_image" />
<meta name="twitter:site" content="@LaRucheIndus" />
<meta name="twitter:label1" content="Durée de lecture estimée" />
	<meta name="twitter:data1" content="2 minutes" />
<script type="application/ld+json" class="yoast-schema-graph">{"@context":"https:\/\/schema.org","@graph":[{"@type":"WebPage","@id":"https:\/\/larucheindustrielle.fr\/fr\/evenement\/formation-gerer-les-la-ruche-industrielle-conflits\/","url":"https:\/\/larucheindustrielle.fr\/fr\/evenement\/formation-gerer-les-la-ruche-industrielle-conflits\/","name":"Formation Gérer les conflits - La Ruche industrielle","isPartOf":{"@id":"https:\/\/larucheindustrielle.fr\/fr\/#website"},"primaryImageOfPage":{"@id":"https:\/\/larucheindustrielle.fr\/fr\/evenement\/formation-gerer-les-la-ruche-industrielle-conflits\/#primaryimage"},"image":{"@id":"https:\/\/larucheindustrielle.fr\/fr\/evenement\/formation-gerer-les-la-ruche-industrielle-conflits\/#primaryimage"},"thumbnailUrl":"https:\/\/larucheindustrielle.fr\/wp-content\/uploads\/2025\/05\/2026-Visuel-formation-conflits-la-Ruche.png","datePublished":"2025-05-21T09:51:32+00:00","dateModified":"2025-09-15T15:45:55+00:00","description":"Cette formation offre une mise en pratique, appliquée à des cas concrets issus du contexte professionnel des apprenants.","inLanguage":"fr-FR","potentialAction":[{"@type":"ReadAction","target":["https:\/\/larucheindustrielle.fr\/fr\/evenement\/formation-gerer-les-la-ruche-industrielle-conflits\/"]}]},{"@type":"ImageObject","inLanguage":"fr-FR","@id":"https:\/\/larucheindustrielle.fr\/fr\/evenement\/formation-gerer-les-la-ruche-industrielle-conflits\/#primaryimage","url":"https:\/\/larucheindustrielle.fr\/wp-content\/uploads\/2025\/05\/2026-Visuel-formation-conflits-la-Ruche.png","contentUrl":"https:\/\/larucheindustrielle.fr\/wp-content\/uploads\/2025\/05\/2026-Visuel-formation-conflits-la-Ruche.png","width":1200,"height":1200},{"@type":"WebSite","@id":"https:\/\/larucheindustrielle.fr\/fr\/#website","url":"https:\/\/larucheindustrielle.fr\/fr\/","name":"La Ruche industrielle","description":"Ici, on construit ensemble l&#039;industrie du futur !","publisher":{"@id":"https:\/\/larucheindustrielle.fr\/fr\/#organization"},"potentialAction":[{"@type":"SearchAction","target":{"@type":"EntryPoint","urlTemplate":"https:\/\/larucheindustrielle.fr\/fr\/?s={search_term_string}"},"query-input":{"@type":"PropertyValueSpecification","valueRequired":true,"valueName":"search_term_string"}}],"inLanguage":"fr-FR"},{"@type":"Organization","@id":"https:\/\/larucheindustrielle.fr\/fr\/#organization","name":"La Ruche industrielle","url":"https:\/\/larucheindustrielle.fr\/fr\/","logo":{"@type":"ImageObject","inLanguage":"fr-FR","@id":"https:\/\/larucheindustrielle.fr\/fr\/#\/schema\/logo\/image\/","url":"https:\/\/larucheindustrielle.fr\/wp-content\/uploads\/2023\/06\/Home-page-Logo-la-ruche-en-bois.jpg","contentUrl":"https:\/\/larucheindustrielle.fr\/wp-content\/uploads\/2023\/06\/Home-page-Logo-la-ruche-en-bois.jpg","width":1280,"height":853,"caption":"La Ruche industrielle"},"image":{"@id":"https:\/\/larucheindustrielle.fr\/fr\/#\/schema\/logo\/image\/"},"sameAs":["https:\/\/x.com\/LaRucheIndus","https:\/\/fr.linkedin.com\/company\/la-ruche-industrielle","https:\/\/www.youtube.com\/@larucheindustrielle932","https:\/\/www.instagram.com\/larucheindustrielle\/"]}]}</script>
<!-- / Yoast SEO plugin. -->

Formation Gérer les conflits - La Ruche industrielle

Cette formation offre une mise en pratique, appliquée à des cas concrets issus du contexte professionnel des apprenants.
