{"id":9073,"date":"2025-10-17T13:52:33","date_gmt":"2025-10-17T11:52:33","guid":{"rendered":"https:\/\/larucheindustrielle.fr\/fr\/?post_type=evenement&#038;p=9073"},"modified":"2025-10-17T13:53:08","modified_gmt":"2025-10-17T11:53:08","slug":"journee-industrie-circulaire","status":"publish","type":"evenement","link":"https:\/\/larucheindustrielle.fr\/fr\/evenement\/journee-industrie-circulaire\/","title":{"rendered":"Journ\u00e9e Industrie Circulaire"},"content":{"rendered":"<p><strong>Une journ\u00e9e co-organis\u00e9e par la M\u00e9tropole de Lyon, l&rsquo;Ademe, France Cluster et La Ruche Industrielle.<\/strong><\/p>\n<p>Le vendredi 14 novembre matin aura lieu une <strong>matin\u00e9e \u00ab\u00a0SAS\u00a0\u00bb pour la 1\u00e8re promotion<\/strong> du <a href=\"https:\/\/larucheindustrielle.fr\/fr\/parcours-pivot-industrie-circulaire-2025\/\" target=\"_blank\" rel=\"noopener\">programme \u00ab\u00a0Pivot Circulaire\u00a0\u00bb<\/a>.<br \/>\nNeuf entreprises du programme 2025 viendront t\u00e9moigner aupr\u00e8s des acteurs du territoire et d&rsquo;autres entreprises qui seraient int\u00e9ress\u00e9es pour s&rsquo;engager en 2026 dans la prochaine promo.\u00a0A partir de 13h30 aura lieu le<strong> kick off de la communaut\u00e9 des industriels circulaires<\/strong>. L&rsquo;occasion de rencontrer vos pairs, de partager des contacts et des bonnes pratiques et d&rsquo;exprimer vos besoins pour continuer \u00e0 avancer.<\/p>\n<p><strong><img loading=\"lazy\" decoding=\"async\" class=\"aligncenter wp-image-9074 size-full\" src=\"https:\/\/larucheindustrielle.fr\/wp-content\/uploads\/2025\/10\/visuel.png\" alt=\"\" width=\"800\" height=\"350\" srcset=\"https:\/\/larucheindustrielle.fr\/wp-content\/uploads\/2025\/10\/visuel.png 800w, https:\/\/larucheindustrielle.fr\/wp-content\/uploads\/2025\/10\/visuel-480x210.png 480w\" sizes=\"(min-width: 0px) and (max-width: 480px) 480px, (min-width: 481px) 800px, 100vw\" \/><\/strong><\/p>\n<p>Programme d\u00e9taill\u00e9 :<\/p>\n<p><strong>MATIN : RESTITUTION des projets circulaires de la promotion Pivot Circulaire 2025\u200d<\/strong><\/p>\n<ul>\n<li>8h30 Accueil<\/li>\n<li>9h Pr\u00e9sentation des partenaires<\/li>\n<li>9h20 Conf\u00e9rence \u00ab\u00a0Comment incarner son sujet de transformation\u00a0\u00bb par Charlie Felgate, ex Vision leader de Decathlon<\/li>\n<li>10h Pr\u00e9sentation du parcours Pivot Circulaire<\/li>\n<li>10h30 Atelier interactif \u00ab\u00a0Rencontre avec les entreprises acc\u00e9l\u00e9r\u00e9es 2025\u00a0\u00bb<\/li>\n<li>12h45 Buffet d\u00e9jeunatoire<\/li>\n<\/ul>\n<p><strong><br \/>\nAPR\u00c8S-MIDI : KICK OFF de la communaut\u00e9 des industriels circulaires\u200d<\/strong><\/p>\n<ul>\n<li>13h45 Speed dating entre tous les acteurs pionniers de la d\u00e9marche<\/li>\n<li>14h30 Visite de 4 stands \u00ab\u00a0D\u00e9fis relev\u00e9s\u00a0\u00bb<\/li>\n<li>15h30 Pl\u00e9ni\u00e8re \u00ab\u00a0Comment construire la communaut\u00e9 : recueil des attentes\u00a0\u00bb<\/li>\n<li>16h30 Conclusion et prochaines \u00e9tapes<\/li>\n<li>16h45 Moment convivial<\/li>\n<\/ul>\n<p>&nbsp;<\/p>\n<div>\n<div class=\"sup-sub-title w-richtext\">\n<p><strong>Ev\u00e8nement gratuit, places limit\u00e9es &gt; Inscription obligatoire jusqu&rsquo;au 5 novembre<\/strong><\/p>\n<\/div>\n<\/div>\n<p><a href=\"https:\/\/larucheindustrielle.fr\/fr\/acces\/\"><img loading=\"lazy\" decoding=\"async\" class=\"aligncenter wp-image-8584\" src=\"https:\/\/larucheindustrielle.fr\/wp-content\/uploads\/2025\/03\/Mobilite-douce-visuel.png\" alt=\"\" width=\"750\" height=\"563\" \/><\/a><\/p>\n","protected":false},"excerpt":{"rendered":"<p>Une journ\u00e9e co-organis\u00e9e par la M\u00e9tropole de Lyon, l&rsquo;Ademe, France Cluster et La Ruche Industrielle.<\/p>\n","protected":false},"featured_media":9074,"template":"","meta":{"_acf_changed":false,"_et_pb_use_builder":"","_et_pb_old_content":"","_et_gb_content_width":""},"categories":[13],"tags":[],"class_list":["post-9073","evenement","type-evenement","status-publish","has-post-thumbnail","hentry","category-passe"],"acf":[],"yoast_head":"<!-- This site is optimized with the Yoast SEO plugin v27.4 - https:\/\/yoast.com\/product\/yoast-seo-wordpress\/ -->\n<title>Journ\u00e9e Industrie Circulaire - La Ruche industrielle<\/title>\n<meta name=\"robots\" content=\"index, follow, max-snippet:-1, max-image-preview:large, max-video-preview:-1\" \/>\n<link rel=\"canonical\" href=\"https:\/\/larucheindustrielle.fr\/fr\/evenement\/journee-industrie-circulaire\/\" \/>\n<meta property=\"og:locale\" content=\"fr_FR\" \/>\n<meta property=\"og:type\" content=\"article\" \/>\n<meta property=\"og:title\" content=\"Journ\u00e9e Industrie Circulaire - La Ruche industrielle\" \/>\n<meta property=\"og:description\" content=\"Une journ\u00e9e co-organis\u00e9e par la M\u00e9tropole de Lyon, l&#039;Ademe, France Cluster et La Ruche Industrielle.\" \/>\n<meta property=\"og:url\" content=\"https:\/\/larucheindustrielle.fr\/fr\/evenement\/journee-industrie-circulaire\/\" \/>\n<meta property=\"og:site_name\" content=\"La Ruche industrielle\" \/>\n<meta property=\"article:modified_time\" content=\"2025-10-17T11:53:08+00:00\" \/>\n<meta property=\"og:image\" content=\"https:\/\/larucheindustrielle.fr\/wp-content\/uploads\/2025\/10\/visuel.png\" \/>\n\t<meta property=\"og:image:width\" content=\"800\" \/>\n\t<meta property=\"og:image:height\" content=\"350\" \/>\n\t<meta property=\"og:image:type\" content=\"image\/png\" \/>\n<meta name=\"twitter:card\" content=\"summary_large_image\" \/>\n<meta name=\"twitter:site\" content=\"@LaRucheIndus\" \/>\n<meta name=\"twitter:label1\" content=\"Dur\u00e9e de lecture estim\u00e9e\" \/>\n\t<meta name=\"twitter:data1\" content=\"2 minutes\" \/>\n<script type=\"application\/ld+json\" class=\"yoast-schema-graph\">{\"@context\":\"https:\\\/\\\/schema.org\",\"@graph\":[{\"@type\":\"WebPage\",\"@id\":\"https:\\\/\\\/larucheindustrielle.fr\\\/fr\\\/evenement\\\/journee-industrie-circulaire\\\/\",\"url\":\"https:\\\/\\\/larucheindustrielle.fr\\\/fr\\\/evenement\\\/journee-industrie-circulaire\\\/\",\"name\":\"Journ\u00e9e Industrie Circulaire - La Ruche industrielle\",\"isPartOf\":{\"@id\":\"https:\\\/\\\/larucheindustrielle.fr\\\/fr\\\/#website\"},\"primaryImageOfPage\":{\"@id\":\"https:\\\/\\\/larucheindustrielle.fr\\\/fr\\\/evenement\\\/journee-industrie-circulaire\\\/#primaryimage\"},\"image\":{\"@id\":\"https:\\\/\\\/larucheindustrielle.fr\\\/fr\\\/evenement\\\/journee-industrie-circulaire\\\/#primaryimage\"},\"thumbnailUrl\":\"https:\\\/\\\/larucheindustrielle.fr\\\/wp-content\\\/uploads\\\/2025\\\/10\\\/visuel.png\",\"datePublished\":\"2025-10-17T11:52:33+00:00\",\"dateModified\":\"2025-10-17T11:53:08+00:00\",\"inLanguage\":\"fr-FR\",\"potentialAction\":[{\"@type\":\"ReadAction\",\"target\":[\"https:\\\/\\\/larucheindustrielle.fr\\\/fr\\\/evenement\\\/journee-industrie-circulaire\\\/\"]}]},{\"@type\":\"ImageObject\",\"inLanguage\":\"fr-FR\",\"@id\":\"https:\\\/\\\/larucheindustrielle.fr\\\/fr\\\/evenement\\\/journee-industrie-circulaire\\\/#primaryimage\",\"url\":\"https:\\\/\\\/larucheindustrielle.fr\\\/wp-content\\\/uploads\\\/2025\\\/10\\\/visuel.png\",\"contentUrl\":\"https:\\\/\\\/larucheindustrielle.fr\\\/wp-content\\\/uploads\\\/2025\\\/10\\\/visuel.png\",\"width\":800,\"height\":350},{\"@type\":\"WebSite\",\"@id\":\"https:\\\/\\\/larucheindustrielle.fr\\\/fr\\\/#website\",\"url\":\"https:\\\/\\\/larucheindustrielle.fr\\\/fr\\\/\",\"name\":\"La Ruche industrielle\",\"description\":\"Ici, on construit ensemble l&#039;industrie du futur !\",\"publisher\":{\"@id\":\"https:\\\/\\\/larucheindustrielle.fr\\\/fr\\\/#organization\"},\"potentialAction\":[{\"@type\":\"SearchAction\",\"target\":{\"@type\":\"EntryPoint\",\"urlTemplate\":\"https:\\\/\\\/larucheindustrielle.fr\\\/fr\\\/?s={search_term_string}\"},\"query-input\":{\"@type\":\"PropertyValueSpecification\",\"valueRequired\":true,\"valueName\":\"search_term_string\"}}],\"inLanguage\":\"fr-FR\"},{\"@type\":\"Organization\",\"@id\":\"https:\\\/\\\/larucheindustrielle.fr\\\/fr\\\/#organization\",\"name\":\"La Ruche industrielle\",\"url\":\"https:\\\/\\\/larucheindustrielle.fr\\\/fr\\\/\",\"logo\":{\"@type\":\"ImageObject\",\"inLanguage\":\"fr-FR\",\"@id\":\"https:\\\/\\\/larucheindustrielle.fr\\\/fr\\\/#\\\/schema\\\/logo\\\/image\\\/\",\"url\":\"https:\\\/\\\/larucheindustrielle.fr\\\/wp-content\\\/uploads\\\/2023\\\/06\\\/Home-page-Logo-la-ruche-en-bois.jpg\",\"contentUrl\":\"https:\\\/\\\/larucheindustrielle.fr\\\/wp-content\\\/uploads\\\/2023\\\/06\\\/Home-page-Logo-la-ruche-en-bois.jpg\",\"width\":1280,\"height\":853,\"caption\":\"La Ruche industrielle\"},\"image\":{\"@id\":\"https:\\\/\\\/larucheindustrielle.fr\\\/fr\\\/#\\\/schema\\\/logo\\\/image\\\/\"},\"sameAs\":[\"https:\\\/\\\/x.com\\\/LaRucheIndus\",\"https:\\\/\\\/fr.linkedin.com\\\/company\\\/la-ruche-industrielle\",\"https:\\\/\\\/www.youtube.com\\\/@larucheindustrielle932\",\"https:\\\/\\\/www.instagram.com\\\/larucheindustrielle\\\/\"]}]}<\/script>\n<!-- \/ Yoast SEO plugin. -->","yoast_head_json":{"title":"Journ\u00e9e Industrie Circulaire - La Ruche industrielle","robots":{"index":"index","follow":"follow","max-snippet":"max-snippet:-1","max-image-preview":"max-image-preview:large","max-video-preview":"max-video-preview:-1"},"canonical":"https:\/\/larucheindustrielle.fr\/fr\/evenement\/journee-industrie-circulaire\/","og_locale":"fr_FR","og_type":"article","og_title":"Journ\u00e9e Industrie Circulaire - La Ruche industrielle","og_description":"Une journ\u00e9e co-organis\u00e9e par la M\u00e9tropole de Lyon, l'Ademe, France Cluster et La Ruche Industrielle.","og_url":"https:\/\/larucheindustrielle.fr\/fr\/evenement\/journee-industrie-circulaire\/","og_site_name":"La Ruche industrielle","article_modified_time":"2025-10-17T11:53:08+00:00","og_image":[{"width":800,"height":350,"url":"https:\/\/larucheindustrielle.fr\/wp-content\/uploads\/2025\/10\/visuel.png","type":"image\/png"}],"twitter_card":"summary_large_image","twitter_site":"@LaRucheIndus","twitter_misc":{"Dur\u00e9e de lecture estim\u00e9e":"2 minutes"},"schema":{"@context":"https:\/\/schema.org","@graph":[{"@type":"WebPage","@id":"https:\/\/larucheindustrielle.fr\/fr\/evenement\/journee-industrie-circulaire\/","url":"https:\/\/larucheindustrielle.fr\/fr\/evenement\/journee-industrie-circulaire\/","name":"Journ\u00e9e Industrie Circulaire - La Ruche industrielle","isPartOf":{"@id":"https:\/\/larucheindustrielle.fr\/fr\/#website"},"primaryImageOfPage":{"@id":"https:\/\/larucheindustrielle.fr\/fr\/evenement\/journee-industrie-circulaire\/#primaryimage"},"image":{"@id":"https:\/\/larucheindustrielle.fr\/fr\/evenement\/journee-industrie-circulaire\/#primaryimage"},"thumbnailUrl":"https:\/\/larucheindustrielle.fr\/wp-content\/uploads\/2025\/10\/visuel.png","datePublished":"2025-10-17T11:52:33+00:00","dateModified":"2025-10-17T11:53:08+00:00","inLanguage":"fr-FR","potentialAction":[{"@type":"ReadAction","target":["https:\/\/larucheindustrielle.fr\/fr\/evenement\/journee-industrie-circulaire\/"]}]},{"@type":"ImageObject","inLanguage":"fr-FR","@id":"https:\/\/larucheindustrielle.fr\/fr\/evenement\/journee-industrie-circulaire\/#primaryimage","url":"https:\/\/larucheindustrielle.fr\/wp-content\/uploads\/2025\/10\/visuel.png","contentUrl":"https:\/\/larucheindustrielle.fr\/wp-content\/uploads\/2025\/10\/visuel.png","width":800,"height":350},{"@type":"WebSite","@id":"https:\/\/larucheindustrielle.fr\/fr\/#website","url":"https:\/\/larucheindustrielle.fr\/fr\/","name":"La Ruche industrielle","description":"Ici, on construit ensemble l&#039;industrie du futur !","publisher":{"@id":"https:\/\/larucheindustrielle.fr\/fr\/#organization"},"potentialAction":[{"@type":"SearchAction","target":{"@type":"EntryPoint","urlTemplate":"https:\/\/larucheindustrielle.fr\/fr\/?s={search_term_string}"},"query-input":{"@type":"PropertyValueSpecification","valueRequired":true,"valueName":"search_term_string"}}],"inLanguage":"fr-FR"},{"@type":"Organization","@id":"https:\/\/larucheindustrielle.fr\/fr\/#organization","name":"La Ruche industrielle","url":"https:\/\/larucheindustrielle.fr\/fr\/","logo":{"@type":"ImageObject","inLanguage":"fr-FR","@id":"https:\/\/larucheindustrielle.fr\/fr\/#\/schema\/logo\/image\/","url":"https:\/\/larucheindustrielle.fr\/wp-content\/uploads\/2023\/06\/Home-page-Logo-la-ruche-en-bois.jpg","contentUrl":"https:\/\/larucheindustrielle.fr\/wp-content\/uploads\/2023\/06\/Home-page-Logo-la-ruche-en-bois.jpg","width":1280,"height":853,"caption":"La Ruche industrielle"},"image":{"@id":"https:\/\/larucheindustrielle.fr\/fr\/#\/schema\/logo\/image\/"},"sameAs":["https:\/\/x.com\/LaRucheIndus","https:\/\/fr.linkedin.com\/company\/la-ruche-industrielle","https:\/\/www.youtube.com\/@larucheindustrielle932","https:\/\/www.instagram.com\/larucheindustrielle\/"]}]}},"publishpress_future_action":{"enabled":false,"date":"2026-05-04 11:20:52","action":"category","newStatus":"draft","terms":[13],"taxonomy":"category","extraData":[]},"publishpress_future_workflow_manual_trigger":{"enabledWorkflows":[]},"_links":{"self":[{"href":"https:\/\/larucheindustrielle.fr\/fr\/wp-json\/wp\/v2\/evenement\/9073","targetHints":{"allow":["GET"]}}],"collection":[{"href":"https:\/\/larucheindustrielle.fr\/fr\/wp-json\/wp\/v2\/evenement"}],"about":[{"href":"https:\/\/larucheindustrielle.fr\/fr\/wp-json\/wp\/v2\/types\/evenement"}],"wp:featuredmedia":[{"embeddable":true,"href":"https:\/\/larucheindustrielle.fr\/fr\/wp-json\/wp\/v2\/media\/9074"}],"wp:attachment":[{"href":"https:\/\/larucheindustrielle.fr\/fr\/wp-json\/wp\/v2\/media?parent=9073"}],"wp:term":[{"taxonomy":"category","embeddable":true,"href":"https:\/\/larucheindustrielle.fr\/fr\/wp-json\/wp\/v2\/categories?post=9073"},{"taxonomy":"post_tag","embeddable":true,"href":"https:\/\/larucheindustrielle.fr\/fr\/wp-json\/wp\/v2\/tags?post=9073"}],"curies":[{"name":"wp","href":"https:\/\/api.w.org\/{rel}","templated":true}]}}

Journée Industrie Circulaire

<p><strong>Une journée co-organisée par la Métropole de Lyon, l&rsquo;Ademe, France Cluster et La Ruche Industrielle.</strong></p>
<p>Le vendredi 14 novembre matin aura lieu une <strong>matinée « SAS » pour la 1ère promotion</strong> du <a href="https://larucheindustrielle.fr/fr/parcours-pivot-industrie-circulaire-2025/" target="_blank" rel="noopener">programme « Pivot Circulaire »</a>.<br />
Neuf entreprises du programme 2025 viendront témoigner auprès des acteurs du territoire et d&rsquo;autres entreprises qui seraient intéressées pour s&rsquo;engager en 2026 dans la prochaine promo. A partir de 13h30 aura lieu le<strong> kick off de la communauté des industriels circulaires</strong>. L&rsquo;occasion de rencontrer vos pairs, de partager des contacts et des bonnes pratiques et d&rsquo;exprimer vos besoins pour continuer à avancer.</p>
<p><strong><img loading="lazy" decoding="async" class="aligncenter wp-image-9074 size-full" src="https://larucheindustrielle.fr/wp-content/uploads/2025/10/visuel.png" alt="" width="800" height="350" srcset="https://larucheindustrielle.fr/wp-content/uploads/2025/10/visuel.png 800w, https://larucheindustrielle.fr/wp-content/uploads/2025/10/visuel-480x210.png 480w" sizes="(min-width: 0px) and (max-width: 480px) 480px, (min-width: 481px) 800px, 100vw" /></strong></p>
<p>Programme détaillé :</p>
<p><strong>MATIN : RESTITUTION des projets circulaires de la promotion Pivot Circulaire 2025‍</strong></p>
<ul>
<li>8h30 Accueil</li>
<li>9h Présentation des partenaires</li>
<li>9h20 Conférence « Comment incarner son sujet de transformation » par Charlie Felgate, ex Vision leader de Decathlon</li>
<li>10h Présentation du parcours Pivot Circulaire</li>
<li>10h30 Atelier interactif « Rencontre avec les entreprises accélérées 2025 »</li>
<li>12h45 Buffet déjeunatoire</li>
</ul>
<p><strong><br />
APRÈS-MIDI : KICK OFF de la communauté des industriels circulaires‍</strong></p>
<ul>
<li>13h45 Speed dating entre tous les acteurs pionniers de la démarche</li>
<li>14h30 Visite de 4 stands « Défis relevés »</li>
<li>15h30 Plénière « Comment construire la communauté : recueil des attentes »</li>
<li>16h30 Conclusion et prochaines étapes</li>
<li>16h45 Moment convivial</li>
</ul>
<p>&nbsp;</p>
<div>
<div class="sup-sub-title w-richtext">
<p><strong>Evènement gratuit, places limitées &gt; Inscription obligatoire jusqu&rsquo;au 5 novembre</strong></p>
</div>
</div>
<p><a href="https://larucheindustrielle.fr/fr/acces/"><img loading="lazy" decoding="async" class="aligncenter wp-image-8584" src="https://larucheindustrielle.fr/wp-content/uploads/2025/03/Mobilite-douce-visuel.png" alt="" width="750" height="563" /></a></p>

<p>Une journée co-organisée par la Métropole de Lyon, l&rsquo;Ademe, France Cluster et La Ruche Industrielle.</p>

<!-- This site is optimized with the Yoast SEO plugin v27.4 - https://yoast.com/product/yoast-seo-wordpress/ -->
<title>Journée Industrie Circulaire - La Ruche industrielle</title>
<meta name="robots" content="index, follow, max-snippet:-1, max-image-preview:large, max-video-preview:-1" />
<link rel="canonical" href="https://larucheindustrielle.fr/fr/evenement/journee-industrie-circulaire/" />
<meta property="og:locale" content="fr_FR" />
<meta property="og:type" content="article" />
<meta property="og:title" content="Journée Industrie Circulaire - La Ruche industrielle" />
<meta property="og:description" content="Une journée co-organisée par la Métropole de Lyon, l&#039;Ademe, France Cluster et La Ruche Industrielle." />
<meta property="og:url" content="https://larucheindustrielle.fr/fr/evenement/journee-industrie-circulaire/" />
<meta property="og:site_name" content="La Ruche industrielle" />
<meta property="article:modified_time" content="2025-10-17T11:53:08+00:00" />
<meta property="og:image" content="https://larucheindustrielle.fr/wp-content/uploads/2025/10/visuel.png" />
	<meta property="og:image:width" content="800" />
	<meta property="og:image:height" content="350" />
	<meta property="og:image:type" content="image/png" />
<meta name="twitter:card" content="summary_large_image" />
<meta name="twitter:site" content="@LaRucheIndus" />
<meta name="twitter:label1" content="Durée de lecture estimée" />
	<meta name="twitter:data1" content="2 minutes" />
<script type="application/ld+json" class="yoast-schema-graph">{"@context":"https:\/\/schema.org","@graph":[{"@type":"WebPage","@id":"https:\/\/larucheindustrielle.fr\/fr\/evenement\/journee-industrie-circulaire\/","url":"https:\/\/larucheindustrielle.fr\/fr\/evenement\/journee-industrie-circulaire\/","name":"Journée Industrie Circulaire - La Ruche industrielle","isPartOf":{"@id":"https:\/\/larucheindustrielle.fr\/fr\/#website"},"primaryImageOfPage":{"@id":"https:\/\/larucheindustrielle.fr\/fr\/evenement\/journee-industrie-circulaire\/#primaryimage"},"image":{"@id":"https:\/\/larucheindustrielle.fr\/fr\/evenement\/journee-industrie-circulaire\/#primaryimage"},"thumbnailUrl":"https:\/\/larucheindustrielle.fr\/wp-content\/uploads\/2025\/10\/visuel.png","datePublished":"2025-10-17T11:52:33+00:00","dateModified":"2025-10-17T11:53:08+00:00","inLanguage":"fr-FR","potentialAction":[{"@type":"ReadAction","target":["https:\/\/larucheindustrielle.fr\/fr\/evenement\/journee-industrie-circulaire\/"]}]},{"@type":"ImageObject","inLanguage":"fr-FR","@id":"https:\/\/larucheindustrielle.fr\/fr\/evenement\/journee-industrie-circulaire\/#primaryimage","url":"https:\/\/larucheindustrielle.fr\/wp-content\/uploads\/2025\/10\/visuel.png","contentUrl":"https:\/\/larucheindustrielle.fr\/wp-content\/uploads\/2025\/10\/visuel.png","width":800,"height":350},{"@type":"WebSite","@id":"https:\/\/larucheindustrielle.fr\/fr\/#website","url":"https:\/\/larucheindustrielle.fr\/fr\/","name":"La Ruche industrielle","description":"Ici, on construit ensemble l&#039;industrie du futur !","publisher":{"@id":"https:\/\/larucheindustrielle.fr\/fr\/#organization"},"potentialAction":[{"@type":"SearchAction","target":{"@type":"EntryPoint","urlTemplate":"https:\/\/larucheindustrielle.fr\/fr\/?s={search_term_string}"},"query-input":{"@type":"PropertyValueSpecification","valueRequired":true,"valueName":"search_term_string"}}],"inLanguage":"fr-FR"},{"@type":"Organization","@id":"https:\/\/larucheindustrielle.fr\/fr\/#organization","name":"La Ruche industrielle","url":"https:\/\/larucheindustrielle.fr\/fr\/","logo":{"@type":"ImageObject","inLanguage":"fr-FR","@id":"https:\/\/larucheindustrielle.fr\/fr\/#\/schema\/logo\/image\/","url":"https:\/\/larucheindustrielle.fr\/wp-content\/uploads\/2023\/06\/Home-page-Logo-la-ruche-en-bois.jpg","contentUrl":"https:\/\/larucheindustrielle.fr\/wp-content\/uploads\/2023\/06\/Home-page-Logo-la-ruche-en-bois.jpg","width":1280,"height":853,"caption":"La Ruche industrielle"},"image":{"@id":"https:\/\/larucheindustrielle.fr\/fr\/#\/schema\/logo\/image\/"},"sameAs":["https:\/\/x.com\/LaRucheIndus","https:\/\/fr.linkedin.com\/company\/la-ruche-industrielle","https:\/\/www.youtube.com\/@larucheindustrielle932","https:\/\/www.instagram.com\/larucheindustrielle\/"]}]}</script>
<!-- / Yoast SEO plugin. -->

Journée Industrie Circulaire - La Ruche industrielle

Une journée co-organisée par la Métropole de Lyon, l'Ademe, France Cluster et La Ruche Industrielle.
