{"id":9250,"date":"2025-11-14T14:24:59","date_gmt":"2025-11-14T13:24:59","guid":{"rendered":"https:\/\/larucheindustrielle.fr\/fr\/?post_type=evenement&#038;p=9250"},"modified":"2025-11-17T08:56:26","modified_gmt":"2025-11-17T07:56:26","slug":"marche-de-noel-2025","status":"publish","type":"evenement","link":"https:\/\/larucheindustrielle.fr\/fr\/evenement\/marche-de-noel-2025\/","title":{"rendered":"March\u00e9 de No\u00ebl"},"content":{"rendered":"<div>\n<div class=\"sup-sub-title w-richtext\">\n<p>Diff\u00e9rents stands seront pr\u00e9sents pour pr\u00e9parer vos cadeaux de No\u00ebl pour petits et grands :<\/p>\n<ul>\n<li><strong>Bi\u00e8res Ninkasi<\/strong> : <a href=\"https:\/\/www.ninkasi.fr\/\" target=\"_blank\" rel=\"noopener\">https:\/\/www.ninkasi.fr\/<\/a><\/li>\n<li><strong>Jus de fruits Pressoir du Pilat<\/strong> : <a href=\"https:\/\/www.pressoirdupilat.com\/\" target=\"_blank\" rel=\"noopener\">https:\/\/www.pressoirdupilat.com\/<\/a><\/li>\n<li><strong>Vin du Domaine d&rsquo;yf<\/strong> : <a href=\"https:\/\/domainedyf.com\" target=\"_blank\" rel=\"noopener\">https:\/\/domainedyf.com<\/a>\/<\/li>\n<li><strong>Caf\u00e9 Toqu\u00e9<\/strong> : <a href=\"https:\/\/lecafetoque.fr\/\" target=\"_blank\" rel=\"noopener\">https:\/\/lecafetoque.fr\/<\/a><\/li>\n<li><strong>Les tatouages sioou<\/strong> (tatouages \u00e9ph\u00e9m\u00e8res) :\u00a0<a href=\"https:\/\/www.sioou.com\/fr\/\" target=\"_blank\" rel=\"noopener\">https:\/\/www.sioou.com\/fr\/<\/a><\/li>\n<li><a href=\"https:\/\/www.decitre.fr\/livre-pod\/vigne-rouge-9782959403408.html\" target=\"_blank\" rel=\"noopener\">Vente du livre Vigne rouge (policier) par Dominique Viala,<\/a> chef sommelier au restaurant \u00e9toil\u00e9 Le Domaine de Clairefontaine \u00e0 Chonas l\u2019Amballan (38)<\/li>\n<li>&#8230;<\/li>\n<\/ul>\n<p>&nbsp;<\/p>\n<p><img loading=\"lazy\" decoding=\"async\" class=\"aligncenter wp-image-9251 size-large\" src=\"https:\/\/larucheindustrielle.fr\/wp-content\/uploads\/2025\/11\/Marche-de-Noel-1024x726.jpg\" alt=\"\" width=\"1024\" height=\"726\" data-wp-editing=\"1\" srcset=\"https:\/\/larucheindustrielle.fr\/wp-content\/uploads\/2025\/11\/Marche-de-Noel-980x695.jpg 980w, https:\/\/larucheindustrielle.fr\/wp-content\/uploads\/2025\/11\/Marche-de-Noel-480x341.jpg 480w\" sizes=\"(min-width: 0px) and (max-width: 480px) 480px, (min-width: 481px) and (max-width: 980px) 980px, (min-width: 981px) 1024px, 100vw\" \/><\/p>\n<\/div>\n<\/div>\n<p>&nbsp;<\/p>\n","protected":false},"excerpt":{"rendered":"<p>Venez faire vos cadeaux sur le temps du d\u00e9jeuner et remplir votre tra\u00eeneau&#8230;<\/p>\n","protected":false},"featured_media":9251,"template":"","meta":{"_acf_changed":false,"_et_pb_use_builder":"","_et_pb_old_content":"","_et_gb_content_width":""},"categories":[13],"tags":[],"class_list":["post-9250","evenement","type-evenement","status-publish","has-post-thumbnail","hentry","category-passe"],"acf":[],"yoast_head":"<!-- This site is optimized with the Yoast SEO plugin v27.4 - https:\/\/yoast.com\/product\/yoast-seo-wordpress\/ -->\n<title>March\u00e9 de No\u00ebl - La Ruche industrielle<\/title>\n<meta name=\"robots\" content=\"index, follow, max-snippet:-1, max-image-preview:large, max-video-preview:-1\" \/>\n<link rel=\"canonical\" href=\"https:\/\/larucheindustrielle.fr\/fr\/evenement\/marche-de-noel-2025\/\" \/>\n<meta property=\"og:locale\" content=\"fr_FR\" \/>\n<meta property=\"og:type\" content=\"article\" \/>\n<meta property=\"og:title\" content=\"March\u00e9 de No\u00ebl - La Ruche industrielle\" \/>\n<meta property=\"og:description\" content=\"Venez faire vos cadeaux sur le temps du d\u00e9jeuner et remplir votre tra\u00eeneau...\" \/>\n<meta property=\"og:url\" content=\"https:\/\/larucheindustrielle.fr\/fr\/evenement\/marche-de-noel-2025\/\" \/>\n<meta property=\"og:site_name\" content=\"La Ruche industrielle\" \/>\n<meta property=\"article:modified_time\" content=\"2025-11-17T07:56:26+00:00\" \/>\n<meta property=\"og:image\" content=\"https:\/\/larucheindustrielle.fr\/wp-content\/uploads\/2025\/11\/Marche-de-Noel.jpg\" \/>\n\t<meta property=\"og:image:width\" content=\"1748\" \/>\n\t<meta property=\"og:image:height\" content=\"1240\" \/>\n\t<meta property=\"og:image:type\" content=\"image\/jpeg\" \/>\n<meta name=\"twitter:card\" content=\"summary_large_image\" \/>\n<meta name=\"twitter:site\" content=\"@LaRucheIndus\" \/>\n<meta name=\"twitter:label1\" content=\"Dur\u00e9e de lecture estim\u00e9e\" \/>\n\t<meta name=\"twitter:data1\" content=\"1 minute\" \/>\n<script type=\"application\/ld+json\" class=\"yoast-schema-graph\">{\"@context\":\"https:\\\/\\\/schema.org\",\"@graph\":[{\"@type\":\"WebPage\",\"@id\":\"https:\\\/\\\/larucheindustrielle.fr\\\/fr\\\/evenement\\\/marche-de-noel-2025\\\/\",\"url\":\"https:\\\/\\\/larucheindustrielle.fr\\\/fr\\\/evenement\\\/marche-de-noel-2025\\\/\",\"name\":\"March\u00e9 de No\u00ebl - La Ruche industrielle\",\"isPartOf\":{\"@id\":\"https:\\\/\\\/larucheindustrielle.fr\\\/fr\\\/#website\"},\"primaryImageOfPage\":{\"@id\":\"https:\\\/\\\/larucheindustrielle.fr\\\/fr\\\/evenement\\\/marche-de-noel-2025\\\/#primaryimage\"},\"image\":{\"@id\":\"https:\\\/\\\/larucheindustrielle.fr\\\/fr\\\/evenement\\\/marche-de-noel-2025\\\/#primaryimage\"},\"thumbnailUrl\":\"https:\\\/\\\/larucheindustrielle.fr\\\/wp-content\\\/uploads\\\/2025\\\/11\\\/Marche-de-Noel.jpg\",\"datePublished\":\"2025-11-14T13:24:59+00:00\",\"dateModified\":\"2025-11-17T07:56:26+00:00\",\"inLanguage\":\"fr-FR\",\"potentialAction\":[{\"@type\":\"ReadAction\",\"target\":[\"https:\\\/\\\/larucheindustrielle.fr\\\/fr\\\/evenement\\\/marche-de-noel-2025\\\/\"]}]},{\"@type\":\"ImageObject\",\"inLanguage\":\"fr-FR\",\"@id\":\"https:\\\/\\\/larucheindustrielle.fr\\\/fr\\\/evenement\\\/marche-de-noel-2025\\\/#primaryimage\",\"url\":\"https:\\\/\\\/larucheindustrielle.fr\\\/wp-content\\\/uploads\\\/2025\\\/11\\\/Marche-de-Noel.jpg\",\"contentUrl\":\"https:\\\/\\\/larucheindustrielle.fr\\\/wp-content\\\/uploads\\\/2025\\\/11\\\/Marche-de-Noel.jpg\",\"width\":1748,\"height\":1240},{\"@type\":\"WebSite\",\"@id\":\"https:\\\/\\\/larucheindustrielle.fr\\\/fr\\\/#website\",\"url\":\"https:\\\/\\\/larucheindustrielle.fr\\\/fr\\\/\",\"name\":\"La Ruche industrielle\",\"description\":\"Ici, on construit ensemble l&#039;industrie du futur !\",\"publisher\":{\"@id\":\"https:\\\/\\\/larucheindustrielle.fr\\\/fr\\\/#organization\"},\"potentialAction\":[{\"@type\":\"SearchAction\",\"target\":{\"@type\":\"EntryPoint\",\"urlTemplate\":\"https:\\\/\\\/larucheindustrielle.fr\\\/fr\\\/?s={search_term_string}\"},\"query-input\":{\"@type\":\"PropertyValueSpecification\",\"valueRequired\":true,\"valueName\":\"search_term_string\"}}],\"inLanguage\":\"fr-FR\"},{\"@type\":\"Organization\",\"@id\":\"https:\\\/\\\/larucheindustrielle.fr\\\/fr\\\/#organization\",\"name\":\"La Ruche industrielle\",\"url\":\"https:\\\/\\\/larucheindustrielle.fr\\\/fr\\\/\",\"logo\":{\"@type\":\"ImageObject\",\"inLanguage\":\"fr-FR\",\"@id\":\"https:\\\/\\\/larucheindustrielle.fr\\\/fr\\\/#\\\/schema\\\/logo\\\/image\\\/\",\"url\":\"https:\\\/\\\/larucheindustrielle.fr\\\/wp-content\\\/uploads\\\/2023\\\/06\\\/Home-page-Logo-la-ruche-en-bois.jpg\",\"contentUrl\":\"https:\\\/\\\/larucheindustrielle.fr\\\/wp-content\\\/uploads\\\/2023\\\/06\\\/Home-page-Logo-la-ruche-en-bois.jpg\",\"width\":1280,\"height\":853,\"caption\":\"La Ruche industrielle\"},\"image\":{\"@id\":\"https:\\\/\\\/larucheindustrielle.fr\\\/fr\\\/#\\\/schema\\\/logo\\\/image\\\/\"},\"sameAs\":[\"https:\\\/\\\/x.com\\\/LaRucheIndus\",\"https:\\\/\\\/fr.linkedin.com\\\/company\\\/la-ruche-industrielle\",\"https:\\\/\\\/www.youtube.com\\\/@larucheindustrielle932\",\"https:\\\/\\\/www.instagram.com\\\/larucheindustrielle\\\/\"]}]}<\/script>\n<!-- \/ Yoast SEO plugin. -->","yoast_head_json":{"title":"March\u00e9 de No\u00ebl - La Ruche industrielle","robots":{"index":"index","follow":"follow","max-snippet":"max-snippet:-1","max-image-preview":"max-image-preview:large","max-video-preview":"max-video-preview:-1"},"canonical":"https:\/\/larucheindustrielle.fr\/fr\/evenement\/marche-de-noel-2025\/","og_locale":"fr_FR","og_type":"article","og_title":"March\u00e9 de No\u00ebl - La Ruche industrielle","og_description":"Venez faire vos cadeaux sur le temps du d\u00e9jeuner et remplir votre tra\u00eeneau...","og_url":"https:\/\/larucheindustrielle.fr\/fr\/evenement\/marche-de-noel-2025\/","og_site_name":"La Ruche industrielle","article_modified_time":"2025-11-17T07:56:26+00:00","og_image":[{"width":1748,"height":1240,"url":"https:\/\/larucheindustrielle.fr\/wp-content\/uploads\/2025\/11\/Marche-de-Noel.jpg","type":"image\/jpeg"}],"twitter_card":"summary_large_image","twitter_site":"@LaRucheIndus","twitter_misc":{"Dur\u00e9e de lecture estim\u00e9e":"1 minute"},"schema":{"@context":"https:\/\/schema.org","@graph":[{"@type":"WebPage","@id":"https:\/\/larucheindustrielle.fr\/fr\/evenement\/marche-de-noel-2025\/","url":"https:\/\/larucheindustrielle.fr\/fr\/evenement\/marche-de-noel-2025\/","name":"March\u00e9 de No\u00ebl - La Ruche industrielle","isPartOf":{"@id":"https:\/\/larucheindustrielle.fr\/fr\/#website"},"primaryImageOfPage":{"@id":"https:\/\/larucheindustrielle.fr\/fr\/evenement\/marche-de-noel-2025\/#primaryimage"},"image":{"@id":"https:\/\/larucheindustrielle.fr\/fr\/evenement\/marche-de-noel-2025\/#primaryimage"},"thumbnailUrl":"https:\/\/larucheindustrielle.fr\/wp-content\/uploads\/2025\/11\/Marche-de-Noel.jpg","datePublished":"2025-11-14T13:24:59+00:00","dateModified":"2025-11-17T07:56:26+00:00","inLanguage":"fr-FR","potentialAction":[{"@type":"ReadAction","target":["https:\/\/larucheindustrielle.fr\/fr\/evenement\/marche-de-noel-2025\/"]}]},{"@type":"ImageObject","inLanguage":"fr-FR","@id":"https:\/\/larucheindustrielle.fr\/fr\/evenement\/marche-de-noel-2025\/#primaryimage","url":"https:\/\/larucheindustrielle.fr\/wp-content\/uploads\/2025\/11\/Marche-de-Noel.jpg","contentUrl":"https:\/\/larucheindustrielle.fr\/wp-content\/uploads\/2025\/11\/Marche-de-Noel.jpg","width":1748,"height":1240},{"@type":"WebSite","@id":"https:\/\/larucheindustrielle.fr\/fr\/#website","url":"https:\/\/larucheindustrielle.fr\/fr\/","name":"La Ruche industrielle","description":"Ici, on construit ensemble l&#039;industrie du futur !","publisher":{"@id":"https:\/\/larucheindustrielle.fr\/fr\/#organization"},"potentialAction":[{"@type":"SearchAction","target":{"@type":"EntryPoint","urlTemplate":"https:\/\/larucheindustrielle.fr\/fr\/?s={search_term_string}"},"query-input":{"@type":"PropertyValueSpecification","valueRequired":true,"valueName":"search_term_string"}}],"inLanguage":"fr-FR"},{"@type":"Organization","@id":"https:\/\/larucheindustrielle.fr\/fr\/#organization","name":"La Ruche industrielle","url":"https:\/\/larucheindustrielle.fr\/fr\/","logo":{"@type":"ImageObject","inLanguage":"fr-FR","@id":"https:\/\/larucheindustrielle.fr\/fr\/#\/schema\/logo\/image\/","url":"https:\/\/larucheindustrielle.fr\/wp-content\/uploads\/2023\/06\/Home-page-Logo-la-ruche-en-bois.jpg","contentUrl":"https:\/\/larucheindustrielle.fr\/wp-content\/uploads\/2023\/06\/Home-page-Logo-la-ruche-en-bois.jpg","width":1280,"height":853,"caption":"La Ruche industrielle"},"image":{"@id":"https:\/\/larucheindustrielle.fr\/fr\/#\/schema\/logo\/image\/"},"sameAs":["https:\/\/x.com\/LaRucheIndus","https:\/\/fr.linkedin.com\/company\/la-ruche-industrielle","https:\/\/www.youtube.com\/@larucheindustrielle932","https:\/\/www.instagram.com\/larucheindustrielle\/"]}]}},"publishpress_future_action":{"enabled":false,"date":"2026-05-04 09:58:47","action":"category","newStatus":"draft","terms":[13],"taxonomy":"category","extraData":[]},"publishpress_future_workflow_manual_trigger":{"enabledWorkflows":[]},"_links":{"self":[{"href":"https:\/\/larucheindustrielle.fr\/fr\/wp-json\/wp\/v2\/evenement\/9250","targetHints":{"allow":["GET"]}}],"collection":[{"href":"https:\/\/larucheindustrielle.fr\/fr\/wp-json\/wp\/v2\/evenement"}],"about":[{"href":"https:\/\/larucheindustrielle.fr\/fr\/wp-json\/wp\/v2\/types\/evenement"}],"wp:featuredmedia":[{"embeddable":true,"href":"https:\/\/larucheindustrielle.fr\/fr\/wp-json\/wp\/v2\/media\/9251"}],"wp:attachment":[{"href":"https:\/\/larucheindustrielle.fr\/fr\/wp-json\/wp\/v2\/media?parent=9250"}],"wp:term":[{"taxonomy":"category","embeddable":true,"href":"https:\/\/larucheindustrielle.fr\/fr\/wp-json\/wp\/v2\/categories?post=9250"},{"taxonomy":"post_tag","embeddable":true,"href":"https:\/\/larucheindustrielle.fr\/fr\/wp-json\/wp\/v2\/tags?post=9250"}],"curies":[{"name":"wp","href":"https:\/\/api.w.org\/{rel}","templated":true}]}}

Marché de Noël

<div>
<div class="sup-sub-title w-richtext">
<p>Différents stands seront présents pour préparer vos cadeaux de Noël pour petits et grands :</p>
<ul>
<li><strong>Bières Ninkasi</strong> : <a href="https://www.ninkasi.fr/" target="_blank" rel="noopener">https://www.ninkasi.fr/</a></li>
<li><strong>Jus de fruits Pressoir du Pilat</strong> : <a href="https://www.pressoirdupilat.com/" target="_blank" rel="noopener">https://www.pressoirdupilat.com/</a></li>
<li><strong>Vin du Domaine d&rsquo;yf</strong> : <a href="https://domainedyf.com" target="_blank" rel="noopener">https://domainedyf.com</a>/</li>
<li><strong>Café Toqué</strong> : <a href="https://lecafetoque.fr/" target="_blank" rel="noopener">https://lecafetoque.fr/</a></li>
<li><strong>Les tatouages sioou</strong> (tatouages éphémères) : <a href="https://www.sioou.com/fr/" target="_blank" rel="noopener">https://www.sioou.com/fr/</a></li>
<li><a href="https://www.decitre.fr/livre-pod/vigne-rouge-9782959403408.html" target="_blank" rel="noopener">Vente du livre Vigne rouge (policier) par Dominique Viala,</a> chef sommelier au restaurant étoilé Le Domaine de Clairefontaine à Chonas l’Amballan (38)</li>
<li>&#8230;</li>
</ul>
<p>&nbsp;</p>
<p><img loading="lazy" decoding="async" class="aligncenter wp-image-9251 size-large" src="https://larucheindustrielle.fr/wp-content/uploads/2025/11/Marche-de-Noel-1024x726.jpg" alt="" width="1024" height="726" data-wp-editing="1" srcset="https://larucheindustrielle.fr/wp-content/uploads/2025/11/Marche-de-Noel-980x695.jpg 980w, https://larucheindustrielle.fr/wp-content/uploads/2025/11/Marche-de-Noel-480x341.jpg 480w" sizes="(min-width: 0px) and (max-width: 480px) 480px, (min-width: 481px) and (max-width: 980px) 980px, (min-width: 981px) 1024px, 100vw" /></p>
</div>
</div>
<p>&nbsp;</p>

<p>Venez faire vos cadeaux sur le temps du déjeuner et remplir votre traîneau&#8230;</p>

<!-- This site is optimized with the Yoast SEO plugin v27.4 - https://yoast.com/product/yoast-seo-wordpress/ -->
<title>Marché de Noël - La Ruche industrielle</title>
<meta name="robots" content="index, follow, max-snippet:-1, max-image-preview:large, max-video-preview:-1" />
<link rel="canonical" href="https://larucheindustrielle.fr/fr/evenement/marche-de-noel-2025/" />
<meta property="og:locale" content="fr_FR" />
<meta property="og:type" content="article" />
<meta property="og:title" content="Marché de Noël - La Ruche industrielle" />
<meta property="og:description" content="Venez faire vos cadeaux sur le temps du déjeuner et remplir votre traîneau..." />
<meta property="og:url" content="https://larucheindustrielle.fr/fr/evenement/marche-de-noel-2025/" />
<meta property="og:site_name" content="La Ruche industrielle" />
<meta property="article:modified_time" content="2025-11-17T07:56:26+00:00" />
<meta property="og:image" content="https://larucheindustrielle.fr/wp-content/uploads/2025/11/Marche-de-Noel.jpg" />
	<meta property="og:image:width" content="1748" />
	<meta property="og:image:height" content="1240" />
	<meta property="og:image:type" content="image/jpeg" />
<meta name="twitter:card" content="summary_large_image" />
<meta name="twitter:site" content="@LaRucheIndus" />
<meta name="twitter:label1" content="Durée de lecture estimée" />
	<meta name="twitter:data1" content="1 minute" />
<script type="application/ld+json" class="yoast-schema-graph">{"@context":"https:\/\/schema.org","@graph":[{"@type":"WebPage","@id":"https:\/\/larucheindustrielle.fr\/fr\/evenement\/marche-de-noel-2025\/","url":"https:\/\/larucheindustrielle.fr\/fr\/evenement\/marche-de-noel-2025\/","name":"Marché de Noël - La Ruche industrielle","isPartOf":{"@id":"https:\/\/larucheindustrielle.fr\/fr\/#website"},"primaryImageOfPage":{"@id":"https:\/\/larucheindustrielle.fr\/fr\/evenement\/marche-de-noel-2025\/#primaryimage"},"image":{"@id":"https:\/\/larucheindustrielle.fr\/fr\/evenement\/marche-de-noel-2025\/#primaryimage"},"thumbnailUrl":"https:\/\/larucheindustrielle.fr\/wp-content\/uploads\/2025\/11\/Marche-de-Noel.jpg","datePublished":"2025-11-14T13:24:59+00:00","dateModified":"2025-11-17T07:56:26+00:00","inLanguage":"fr-FR","potentialAction":[{"@type":"ReadAction","target":["https:\/\/larucheindustrielle.fr\/fr\/evenement\/marche-de-noel-2025\/"]}]},{"@type":"ImageObject","inLanguage":"fr-FR","@id":"https:\/\/larucheindustrielle.fr\/fr\/evenement\/marche-de-noel-2025\/#primaryimage","url":"https:\/\/larucheindustrielle.fr\/wp-content\/uploads\/2025\/11\/Marche-de-Noel.jpg","contentUrl":"https:\/\/larucheindustrielle.fr\/wp-content\/uploads\/2025\/11\/Marche-de-Noel.jpg","width":1748,"height":1240},{"@type":"WebSite","@id":"https:\/\/larucheindustrielle.fr\/fr\/#website","url":"https:\/\/larucheindustrielle.fr\/fr\/","name":"La Ruche industrielle","description":"Ici, on construit ensemble l&#039;industrie du futur !","publisher":{"@id":"https:\/\/larucheindustrielle.fr\/fr\/#organization"},"potentialAction":[{"@type":"SearchAction","target":{"@type":"EntryPoint","urlTemplate":"https:\/\/larucheindustrielle.fr\/fr\/?s={search_term_string}"},"query-input":{"@type":"PropertyValueSpecification","valueRequired":true,"valueName":"search_term_string"}}],"inLanguage":"fr-FR"},{"@type":"Organization","@id":"https:\/\/larucheindustrielle.fr\/fr\/#organization","name":"La Ruche industrielle","url":"https:\/\/larucheindustrielle.fr\/fr\/","logo":{"@type":"ImageObject","inLanguage":"fr-FR","@id":"https:\/\/larucheindustrielle.fr\/fr\/#\/schema\/logo\/image\/","url":"https:\/\/larucheindustrielle.fr\/wp-content\/uploads\/2023\/06\/Home-page-Logo-la-ruche-en-bois.jpg","contentUrl":"https:\/\/larucheindustrielle.fr\/wp-content\/uploads\/2023\/06\/Home-page-Logo-la-ruche-en-bois.jpg","width":1280,"height":853,"caption":"La Ruche industrielle"},"image":{"@id":"https:\/\/larucheindustrielle.fr\/fr\/#\/schema\/logo\/image\/"},"sameAs":["https:\/\/x.com\/LaRucheIndus","https:\/\/fr.linkedin.com\/company\/la-ruche-industrielle","https:\/\/www.youtube.com\/@larucheindustrielle932","https:\/\/www.instagram.com\/larucheindustrielle\/"]}]}</script>
<!-- / Yoast SEO plugin. -->

Marché de Noël - La Ruche industrielle

Venez faire vos cadeaux sur le temps du déjeuner et remplir votre traîneau...
